{"id":2879,"date":"2017-10-23T17:23:45","date_gmt":"2017-10-23T15:23:45","guid":{"rendered":"http:\/\/pevnw.com\/cms\/?page_id=2879"},"modified":"2023-05-23T16:52:53","modified_gmt":"2023-05-23T14:52:53","slug":"veranstaltungsanfrage","status":"publish","type":"page","link":"https:\/\/pevnw.com\/cms\/veranstaltungsanfrage\/","title":{"rendered":"Veranstaltung Anfrage"},"content":{"rendered":"<div id='full_slider_1'  class='avia-fullwidth-slider main_color avia-shadow   avia-builder-el-0  el_before_av_layout_row  avia-builder-el-first   container_wrap sidebar_right'  >\n<style type=\"text\/css\" data-created_by=\"avia_inline_auto\" id=\"style-css-av-av_slideshow_full-7c89eef234b705e7a4d2de62d66c7ebb\">\n#top #wrap_all .avia-slideshow .av-slideshow-caption.av-av_slideshow_full-7c89eef234b705e7a4d2de62d66c7ebb__0 .avia-caption-title{\nfont-size:30px;\n}\n<\/style>\n<div  class='avia-slideshow av-av_slideshow_full-7c89eef234b705e7a4d2de62d66c7ebb avia-slideshow-no scaling av_slideshow_full avia-slide-slider av-slideshow-ui av-control-default av-slideshow-manual av-loop-once av-loop-manual-endless av-default-height-applied   avia-slideshow-1' data-slideshow-options=\"{&quot;animation&quot;:&quot;slide&quot;,&quot;autoplay&quot;:false,&quot;loop_autoplay&quot;:&quot;once&quot;,&quot;interval&quot;:5,&quot;loop_manual&quot;:&quot;manual-endless&quot;,&quot;autoplay_stopper&quot;:false,&quot;noNavigation&quot;:false,&quot;bg_slider&quot;:false,&quot;keep_padding&quot;:false,&quot;hoverpause&quot;:false,&quot;show_slide_delay&quot;:0}\"  itemprop=\"image\" itemscope=\"itemscope\" itemtype=\"https:\/\/schema.org\/ImageObject\" ><ul class='avia-slideshow-inner ' style='padding-bottom: 27.9396984925%;'><li  class='avia-slideshow-slide av-av_slideshow_full-7c89eef234b705e7a4d2de62d66c7ebb__0  av-single-slide slide-1 slide-odd'><div data-rel='slideshow-1' class='avia-slide-wrap '   ><div class='av-slideshow-caption av-av_slideshow_full-7c89eef234b705e7a4d2de62d66c7ebb__0 caption_fullwidth caption_bottom caption_bottom_framed caption_framed'><div class=\"container caption_container\"><div class=\"slideshow_caption\"><div class=\"slideshow_inner_caption\"><div class=\"slideshow_align_caption\"><h2 class='avia-caption-title '  itemprop=\"name\" >Unverbindliche Anfrage zur Teilnahme<\/h2><\/div><\/div><\/div><\/div><\/div><img decoding=\"async\" class=\"wp-image-34 avia-img-lazy-loading-not-34\"  src=\"https:\/\/pevnw.com\/cms\/wp-content\/uploads\/2017\/05\/PEV_2016_Header_01_Wiese_6426.png\" width=\"995\" height=\"278\" title='PEV_2016_Header_01_Wiese_6426' alt=''  itemprop=\"thumbnailUrl\" srcset=\"https:\/\/pevnw.com\/cms\/wp-content\/uploads\/2017\/05\/PEV_2016_Header_01_Wiese_6426.png 995w, https:\/\/pevnw.com\/cms\/wp-content\/uploads\/2017\/05\/PEV_2016_Header_01_Wiese_6426-300x84.png 300w, https:\/\/pevnw.com\/cms\/wp-content\/uploads\/2017\/05\/PEV_2016_Header_01_Wiese_6426-768x215.png 768w, https:\/\/pevnw.com\/cms\/wp-content\/uploads\/2017\/05\/PEV_2016_Header_01_Wiese_6426-705x197.png 705w, https:\/\/pevnw.com\/cms\/wp-content\/uploads\/2017\/05\/PEV_2016_Header_01_Wiese_6426-450x126.png 450w\" sizes=\"(max-width: 995px) 100vw, 995px\" \/><\/div><\/li><\/ul><\/div><\/div>\n<div id='av-layout-grid-1'  class='av-layout-grid-container av-av_layout_row-231f577a7721308906f5786fadbe4d9d entry-content-wrapper main_color av-fixed-cells  avia-builder-el-1  el_after_av_slideshow_full  el_before_av_layout_row  grid-row-not-first  container_wrap sidebar_right'  >\n\n<style type=\"text\/css\" data-created_by=\"avia_inline_auto\" id=\"style-css-av-av_cell_one_fourth-a3e7d377450ea1480a5da2935a274de0\">\n.flex_cell.av-av_cell_one_fourth-a3e7d377450ea1480a5da2935a274de0{\nvertical-align:top;\nheight:2px;\nmin-height:2px;\nbackground-color:#eb600a;\n}\n.responsive #top #wrap_all .flex_cell.av-av_cell_one_fourth-a3e7d377450ea1480a5da2935a274de0{\npadding:5px 0px 0px 0px !important;\n}\n<\/style>\n<div class='flex_cell av-av_cell_one_fourth-a3e7d377450ea1480a5da2935a274de0 av-gridrow-cell av_one_fourth no_margin av-hide-on-mobile  avia-builder-el-2  el_before_av_cell_one_fourth  avia-builder-el-first ' ><div class='flex_cell_inner'>\n<style type=\"text\/css\" data-created_by=\"avia_inline_auto\" id=\"style-css-av-av_textblock-4fbd98e94905f1d37685553fd8902840\">\n#top .av_textblock_section.av-av_textblock-4fbd98e94905f1d37685553fd8902840 .avia_textblock{\nfont-size:15px;\ncolor:#ffffff;\n}\n<\/style>\n<section  class='av_textblock_section av-av_textblock-4fbd98e94905f1d37685553fd8902840'  itemscope=\"itemscope\" itemtype=\"https:\/\/schema.org\/CreativeWork\" ><div class='avia_textblock av_inherit_color'  itemprop=\"text\" ><p style=\"text-align: center;\">Bildungsangebote f\u00fcr Familien<\/p>\n<\/div><\/section>\n<\/div><\/div>\n<style type=\"text\/css\" data-created_by=\"avia_inline_auto\" id=\"style-css-av-av_cell_one_fourth-ff69a4742ad8c2ce9a05140783b690dd\">\n.flex_cell.av-av_cell_one_fourth-ff69a4742ad8c2ce9a05140783b690dd{\nvertical-align:top;\nheight:2px;\nmin-height:2px;\nbackground-color:#eb600a;\n}\n.responsive #top #wrap_all .flex_cell.av-av_cell_one_fourth-ff69a4742ad8c2ce9a05140783b690dd{\npadding:0 0px 0px 0px !important;\n}\n<\/style>\n<div class='flex_cell av-av_cell_one_fourth-ff69a4742ad8c2ce9a05140783b690dd av-gridrow-cell av_one_fourth no_margin  avia-builder-el-4  el_after_av_cell_one_fourth  el_before_av_cell_one_fourth ' ><div class='flex_cell_inner'><\/div><\/div>\n<style type=\"text\/css\" data-created_by=\"avia_inline_auto\" id=\"style-css-av-av_cell_one_fourth-3fdbf57cadbfe8f5c6b16865459f1e75\">\n.flex_cell.av-av_cell_one_fourth-3fdbf57cadbfe8f5c6b16865459f1e75{\nvertical-align:top;\nheight:2px;\nmin-height:2px;\nbackground-color:#eb600a;\n}\n.responsive #top #wrap_all .flex_cell.av-av_cell_one_fourth-3fdbf57cadbfe8f5c6b16865459f1e75{\npadding:0px 0px 0px 0px !important;\n}\n<\/style>\n<div class='flex_cell av-av_cell_one_fourth-3fdbf57cadbfe8f5c6b16865459f1e75 av-gridrow-cell av_one_fourth no_margin av-hide-on-mobile  avia-builder-el-5  el_after_av_cell_one_fourth  el_before_av_cell_one_fourth  av-zero-padding' ><div class='flex_cell_inner'>\n<style type=\"text\/css\" data-created_by=\"avia_inline_auto\" id=\"style-css-av-av_textblock-4fbd98e94905f1d37685553fd8902840\">\n#top .av_textblock_section.av-av_textblock-4fbd98e94905f1d37685553fd8902840 .avia_textblock{\nfont-size:15px;\ncolor:#ffffff;\n}\n<\/style>\n<section  class='av_textblock_section av-av_textblock-4fbd98e94905f1d37685553fd8902840'  itemscope=\"itemscope\" itemtype=\"https:\/\/schema.org\/CreativeWork\" ><div class='avia_textblock av_inherit_color'  itemprop=\"text\" ><p style=\"text-align: right;\">Tel: 02323 &#8211; 49317 60<\/p>\n<\/div><\/section>\n<\/div><\/div>\n<style type=\"text\/css\" data-created_by=\"avia_inline_auto\" id=\"style-css-av-av_cell_one_fourth-3fdbf57cadbfe8f5c6b16865459f1e75\">\n.flex_cell.av-av_cell_one_fourth-3fdbf57cadbfe8f5c6b16865459f1e75{\nvertical-align:top;\nheight:2px;\nmin-height:2px;\nbackground-color:#eb600a;\n}\n.responsive #top #wrap_all .flex_cell.av-av_cell_one_fourth-3fdbf57cadbfe8f5c6b16865459f1e75{\npadding:0px 0px 0px 0px !important;\n}\n<\/style>\n<div class='flex_cell av-av_cell_one_fourth-3fdbf57cadbfe8f5c6b16865459f1e75 av-gridrow-cell av_one_fourth no_margin av-hide-on-mobile  avia-builder-el-7  el_after_av_cell_one_fourth  avia-builder-el-last  av-zero-padding' ><div class='flex_cell_inner'>\n<style type=\"text\/css\" data-created_by=\"avia_inline_auto\" id=\"style-css-av-av_textblock-4fbd98e94905f1d37685553fd8902840\">\n#top .av_textblock_section.av-av_textblock-4fbd98e94905f1d37685553fd8902840 .avia_textblock{\nfont-size:15px;\ncolor:#ffffff;\n}\n<\/style>\n<section  class='av_textblock_section av-av_textblock-4fbd98e94905f1d37685553fd8902840'  itemscope=\"itemscope\" itemtype=\"https:\/\/schema.org\/CreativeWork\" ><div class='avia_textblock av_inherit_color'  itemprop=\"text\" ><p style=\"text-align: center;\">Mail:\u00a0 info@pevnrw.de<\/p>\n<\/div><\/section>\n<\/div><\/div><\/div><div id='av-layout-grid-2'  class='av-layout-grid-container av-av_layout_row-231f577a7721308906f5786fadbe4d9d entry-content-wrapper main_color av-fixed-cells  avia-builder-el-9  el_after_av_layout_row  el_before_av_section  grid-row-not-first  container_wrap sidebar_right'  >\n\n<style type=\"text\/css\" data-created_by=\"avia_inline_auto\" id=\"style-css-av-av_cell_one_half-10b3c61ae7567e39638090b9e96da951\">\n.flex_cell.av-av_cell_one_half-10b3c61ae7567e39638090b9e96da951{\nvertical-align:top;\nheight:2px;\nmin-height:2px;\nbackground-color:#e3effc;\n}\n.responsive #top #wrap_all .flex_cell.av-av_cell_one_half-10b3c61ae7567e39638090b9e96da951{\npadding:10px 0px 0px 0px !important;\n}\n<\/style>\n<div class='flex_cell av-av_cell_one_half-10b3c61ae7567e39638090b9e96da951 av-gridrow-cell av_one_half no_margin  avia-builder-el-10  el_before_av_cell_one_half  avia-builder-el-first ' ><div class='flex_cell_inner'><\/div><\/div>\n<style type=\"text\/css\" data-created_by=\"avia_inline_auto\" id=\"style-css-av-av_cell_one_half-e031babe12f2c0367274691937e3b173\">\n.flex_cell.av-av_cell_one_half-e031babe12f2c0367274691937e3b173{\nvertical-align:top;\nheight:2px;\nmin-height:2px;\nbackground-color:#e3effc;\n}\n.responsive #top #wrap_all .flex_cell.av-av_cell_one_half-e031babe12f2c0367274691937e3b173{\npadding:9px 0px 0px 0px !important;\n}\n<\/style>\n<div class='flex_cell av-av_cell_one_half-e031babe12f2c0367274691937e3b173 av-gridrow-cell av_one_half no_margin  avia-builder-el-11  el_after_av_cell_one_half  avia-builder-el-last ' ><div class='flex_cell_inner'><\/div><\/div>\n<\/div><\/p>\n<div id='av_section_1'  class='avia-section av-av_section-f3b48af71b91bf2a61ae5e24c0e5ddd8 main_color avia-section-huge avia-no-border-styling  avia-builder-el-12  el_after_av_layout_row  avia-builder-el-last  avia-bg-style-scroll container_wrap sidebar_right'  ><div class='container av-section-cont-open' ><div class='template-page content  av-content-small alpha units'><div class='post-entry post-entry-type-page post-entry-2879'><div class='entry-content-wrapper clearfix'>\n\n<style type=\"text\/css\" data-created_by=\"avia_inline_auto\" id=\"style-css-av-av_one_half-d71a51a707c4656b37c9afbbd6138215\">\n.flex_column.av-av_one_half-d71a51a707c4656b37c9afbbd6138215{\n-webkit-border-radius:0px 0px 0px 0px;\n-moz-border-radius:0px 0px 0px 0px;\nborder-radius:0px 0px 0px 0px;\npadding:0px 0px 0px 0px;\n}\n<\/style>\n<div class='flex_column av-av_one_half-d71a51a707c4656b37c9afbbd6138215 av_one_half  avia-builder-el-13  el_before_av_one_half  avia-builder-el-first  first flex_column_div av-animated-generic bottom-to-top av-zero-column-padding '     ><style type=\"text\/css\" data-created_by=\"avia_inline_auto\" id=\"style-css-av-av_textblock-0495ba487d93331d0a255e1072a23468\">\n#top .av_textblock_section.av-av_textblock-0495ba487d93331d0a255e1072a23468 .avia_textblock{\ncolor:#ffffff;\n}\n<\/style>\n<section  class='av_textblock_section av-av_textblock-0495ba487d93331d0a255e1072a23468'  itemscope=\"itemscope\" itemtype=\"https:\/\/schema.org\/CreativeWork\" ><div class='avia_textblock av_inherit_color'  itemprop=\"text\" ><p><span style=\"color: #000000;\"><strong><\/strong><\/span><\/p>\n<\/div><\/section><\/div>\n<style type=\"text\/css\" data-created_by=\"avia_inline_auto\" id=\"style-css-av-av_one_half-93bea18e2ccb60552a17080633244dec\">\n.flex_column.av-av_one_half-93bea18e2ccb60552a17080633244dec{\n-webkit-border-radius:0px 0px 0px 0px;\n-moz-border-radius:0px 0px 0px 0px;\nborder-radius:0px 0px 0px 0px;\npadding:0px 0px 0px 0px;\n}\n<\/style>\n<div class='flex_column av-av_one_half-93bea18e2ccb60552a17080633244dec av_one_half  avia-builder-el-15  el_after_av_one_half  el_before_av_one_half  flex_column_div av-animated-generic bottom-to-top av-zero-column-padding '     ><style type=\"text\/css\" data-created_by=\"avia_inline_auto\" id=\"style-css-av-av_textblock-0495ba487d93331d0a255e1072a23468\">\n#top .av_textblock_section.av-av_textblock-0495ba487d93331d0a255e1072a23468 .avia_textblock{\ncolor:#ffffff;\n}\n<\/style>\n<section  class='av_textblock_section av-av_textblock-0495ba487d93331d0a255e1072a23468'  itemscope=\"itemscope\" itemtype=\"https:\/\/schema.org\/CreativeWork\" ><div class='avia_textblock av_inherit_color'  itemprop=\"text\" ><\/div><\/section><\/div>\n<style type=\"text\/css\" data-created_by=\"avia_inline_auto\" id=\"style-css-av-av_one_half-02256e971b0c5311f9aa92e41f40c34c\">\n#top .flex_column.av-av_one_half-02256e971b0c5311f9aa92e41f40c34c{\nmargin-top:-20px;\nmargin-bottom:-20px;\n}\n.flex_column.av-av_one_half-02256e971b0c5311f9aa92e41f40c34c{\n-webkit-border-radius:0px 0px 0px 0px;\n-moz-border-radius:0px 0px 0px 0px;\nborder-radius:0px 0px 0px 0px;\npadding:0px 0px 0px 0px;\n}\n.responsive #top #wrap_all .flex_column.av-av_one_half-02256e971b0c5311f9aa92e41f40c34c{\nmargin-top:-20px;\nmargin-bottom:-20px;\n}\n<\/style>\n<div class='flex_column av-av_one_half-02256e971b0c5311f9aa92e41f40c34c av_one_half  avia-builder-el-17  el_after_av_one_half  el_before_av_one_half  first flex_column_div av-animated-generic bottom-to-top av-zero-column-padding column-top-margin'     ><section  class='av_textblock_section av-av_textblock-0366cc7376be6c9e82a3e9cc8987b64f'  itemscope=\"itemscope\" itemtype=\"https:\/\/schema.org\/CreativeWork\" ><div class='avia_textblock'  itemprop=\"text\" ><p><strong>\u00dcbersicht zur gew\u00e4hlten Veranstaltung<\/strong><br \/>\n<\/p>\n<\/div><\/section><\/div>\n<style type=\"text\/css\" data-created_by=\"avia_inline_auto\" id=\"style-css-av-av_one_half-93bea18e2ccb60552a17080633244dec\">\n#top .flex_column.av-av_one_half-93bea18e2ccb60552a17080633244dec{\nmargin-top:0px;\nmargin-bottom:0px;\n}\n.flex_column.av-av_one_half-93bea18e2ccb60552a17080633244dec{\n-webkit-border-radius:0px 0px 0px 0px;\n-moz-border-radius:0px 0px 0px 0px;\nborder-radius:0px 0px 0px 0px;\npadding:0px 0px 0px 0px;\n}\n.responsive #top #wrap_all .flex_column.av-av_one_half-93bea18e2ccb60552a17080633244dec{\nmargin-top:0px;\nmargin-bottom:0px;\n}\n<\/style>\n<div class='flex_column av-av_one_half-93bea18e2ccb60552a17080633244dec av_one_half  avia-builder-el-19  el_after_av_one_half  avia-builder-el-last  flex_column_div av-animated-generic bottom-to-top av-zero-column-padding column-top-margin'     ><p>\n<style type=\"text\/css\" data-created_by=\"avia_inline_auto\" id=\"style-css-av-av_textblock-97cf217721e2567e1cd470e795669fac\">\n#top .av_textblock_section.av-av_textblock-97cf217721e2567e1cd470e795669fac .avia_textblock{\ncolor:#eb600a;\n}\n<\/style>\n<section  class='av_textblock_section av-av_textblock-97cf217721e2567e1cd470e795669fac'  itemscope=\"itemscope\" itemtype=\"https:\/\/schema.org\/CreativeWork\" ><div class='avia_textblock av_inherit_color'  itemprop=\"text\" ><p><strong>Unverbindliche Anfrage zur Teilnahme<br \/>\n<\/strong><\/p>\n<\/div><\/section><br \/>\n<form action=\"https:\/\/pevnw.com\/cms\/veranstaltungsanfrage\/\" method=\"post\"  class=\"avia_ajax_form av-form-labels-hidden   avia-builder-el-21  el_after_av_textblock  avia-builder-el-last   \" data-avia-form-id=\"1\" data-avia-redirect='' ><fieldset><p class='  first_form  form_element form_fullwidth' id='element_avia_1_1'><label for=\"avia_1_1\">Seminarnummer<\/label> <input name=\"avia_1_1\" class=\"text_input \" type=\"text\" id=\"avia_1_1\" value=\"\"  placeholder='Seminarnummer'\/><\/p><div id='avia_2_1' class='av-form-text'>\n<\/div><p class='  first_form  form_element form_fullwidth' id='element_avia_3_1'><label for=\"avia_3_1\">Vorname <abbr class=\"required\" title=\"ben\u00f6tigt\">*<\/abbr><\/label> <input name=\"avia_3_1\" class=\"text_input is_empty\" type=\"text\" id=\"avia_3_1\" value=\"\"  placeholder='Vorname*'\/><\/p><p class='  first_form  form_element form_fullwidth' id='element_avia_4_1'><label for=\"avia_4_1\">Name <abbr class=\"required\" title=\"ben\u00f6tigt\">*<\/abbr><\/label> <input name=\"avia_4_1\" class=\"text_input is_empty\" type=\"text\" id=\"avia_4_1\" value=\"\"  placeholder='Name*'\/><\/p><p class='  first_form  form_element form_fullwidth' id='element_avia_5_1'><label for=\"avia_5_1\">E-Mail <abbr class=\"required\" title=\"ben\u00f6tigt\">*<\/abbr><\/label> <input name=\"avia_5_1\" class=\"text_input is_email\" type=\"text\" id=\"avia_5_1\" value=\"\"  placeholder='E-Mail*'\/><\/p><p class='  first_form  form_element form_fullwidth' id='element_avia_6_1'><label for=\"avia_6_1\">Telefon <abbr class=\"required\" title=\"ben\u00f6tigt\">*<\/abbr><\/label> <input name=\"avia_6_1\" class=\"text_input is_empty\" type=\"text\" id=\"avia_6_1\" value=\"\"  placeholder='Telefon*'\/><\/p><div id='avia_7_1' class='av-form-text'><p>\n<strong>FREIWILLIGE ANGABEN:<\/strong><\/p>\n<\/div><div id='avia_8_1' class='av-form-text'><p>\n<strong>Adresse<\/strong><\/p>\n<\/div><p class='  first_form  form_element form_element_two_third' id='element_avia_9_1'><label for=\"avia_9_1\">Stra\u00dfe <\/label> <input name=\"avia_9_1\" class=\"text_input \" type=\"text\" id=\"avia_9_1\" value=\"\"  placeholder='Stra\u00dfe '\/><\/p><p class='  form_element form_element_third' id='element_avia_10_1'><label for=\"avia_10_1\">Nr.<\/label> <input name=\"avia_10_1\" class=\"text_input \" type=\"text\" id=\"avia_10_1\" value=\"\"  placeholder='Nr.'\/><\/p><p class='  first_form  form_element form_element_third' id='element_avia_11_1'><label for=\"avia_11_1\">PLZ<\/label> <input name=\"avia_11_1\" class=\"text_input \" type=\"text\" id=\"avia_11_1\" value=\"\"  placeholder='PLZ'\/><\/p><p class='  form_element form_element_third' id='element_avia_12_1'><label for=\"avia_12_1\">Ort<\/label> <input name=\"avia_12_1\" class=\"text_input \" type=\"text\" id=\"avia_12_1\" value=\"\"  placeholder='Ort'\/><\/p><div id='avia_13_1' class='av-form-text'><p>\n<strong>Ich plane die Teilnahme mit insgesamt<\/strong><\/p>\n<\/div><p class='  first_form  form_element form_element_half' id='element_avia_14_1'><label for=\"avia_14_1\">Anzahl Erwachsene (ab 16 J.)<\/label> <input name=\"avia_14_1\" class=\"text_input \" type=\"text\" id=\"avia_14_1\" value=\"\"  placeholder='Anzahl Erwachsene (ab 16 J.)'\/><\/p><p class='  form_element form_element_half' id='element_avia_15_1'><label for=\"avia_15_1\">Anzahl Kinder (unter 16 J.)<\/label> <input name=\"avia_15_1\" class=\"text_input \" type=\"text\" id=\"avia_15_1\" value=\"\"  placeholder='Anzahl Kinder (unter 16 J.)'\/><\/p><div id='avia_16_1' class='av-form-text'><p>\nErwachsenen (ab 16 Jahren)\u00a0\u00a0\u00a0\u00a0\u00a0\u00a0\u00a0\u00a0\u00a0\u00a0\u00a0\u00a0\u00a0\u00a0\u00a0\u00a0\u00a0\u00a0 Kinder (unter 16 Jahren)<\/p>\n<\/div><p class='  first_form  form_element form_fullwidth' id='element_avia_17_1'><label for=\"avia_17_1\" class=\"textare_label hidden textare_label_avia_17_1\">Ihre Textnachricht (auch zu veranstaltungsspezifischen R\u00fcckfragen)<\/label><textarea  placeholder='Ihre Textnachricht (auch zu veranstaltungsspezifischen R\u00fcckfragen)' name=\"avia_17_1\" class=\"text_area \" cols=\"40\" rows=\"7\" id=\"avia_17_1\" ><\/textarea><\/p><div id='avia_18_1' class='av-form-text'><p>\n<strong>F\u00fcr eine (m\u00f6gliche) Buchung der Veranstaltungen des PEV NRW e.V. gelten die &#8220;Allgemeinen Gesch\u00e4ftsbedingungen f\u00fcr Teilnehmer*innen&#8221; (<span style=\"color: #000000;\"><a style=\"color: #000000;\" href=\"https:\/\/pevnw.com\/cms\/agb\/\">AGB<\/a><\/span>).<\/strong><\/p>\n<\/div><p class='  first_form  form_element form_fullwidth' id='element_avia_19_1'><input  name=\"avia_19_1\" class=\"input_checkbox is_empty\" type=\"checkbox\" id=\"avia_19_1\" value=\"true\"\/><label class=\"input_checkbox_label\" for=\"avia_19_1\">Hiermit best\u00e4tige ich, die AGB zur Kenntnis genommen zu haben. <abbr class=\"required\" title=\"ben\u00f6tigt\">*<\/abbr><\/label><\/p><div id='avia_20_1' class='av-form-text'><p>\nNach Ihrer unverbindlichen Anfrage erhalten Sie weitergehende Informationen und k\u00f6nnen sich<br \/>\ndamit verbindlich anmelden. Auch telefonische R\u00fcckfragen sind unter 02323 &#8211; 49317 60 m\u00f6glich.<\/p>\n<\/div><div id='avia_21_1' class='av-form-text'><p>\n<strong>Durch das L\u00f6sen der nachfolgenden Gleichung willigen Sie freiwillig und aktiv in die Speicherung der oben get\u00e4tigten personenbezogenen Daten zum Zweck der Anfragebearbeitung gem\u00e4\u00df der <span style=\"color: #000000;\"><a style=\"color: #000000;\" href=\"https:\/\/pevnw.com\/cms\/datenschutz\/\">Datenschutzerkl\u00e4rung<\/a><\/span> des PEV NRW e.V. ein. Sollten Sie eine solche Verarbeitung Ihrer Angaben nicht w\u00fcnschen, so empfehlen wir Ihnen alternativ eine telefonische Beratung zur gew\u00e4hlten Veranstaltung.<\/strong><\/p>\n<\/div><p class=\"hidden\"><input type=\"text\" name=\"avia_22_1\" class=\"hidden \" id=\"avia_22_1\" value=\"\" \/><\/p><p class='   form_element form_fullwidth' id='element_avia_23_1'><span class='value_verifier_label'>0 + 6 = ?<\/span><input name=\"avia_23_1_verifier\" type=\"hidden\" id=\"avia_23_1_verifier\" value=\"787476225\"\/><label for=\"avia_23_1\">Bitte l\u00f6se die Gleichung. Diese Ma\u00dfnahme dient der Abwehr von Spam <abbr class=\"required\" title=\"ben\u00f6tigt\">*<\/abbr><\/label><input name=\"avia_23_1\" class=\"text_input captcha\" type=\"text\" id=\"avia_23_1\" value=\"\"\/><\/p><p class=\"form_element \"><input type=\"hidden\" value=\"1\" name=\"avia_generated_form1\" \/><input type=\"submit\" value=\"Unverbindliche Anfrage abschicken\" class=\"button\"  data-sending-label=\"Sende\"\/><\/p><\/fieldset><\/form><div id=\"ajaxresponse_1\" class=\"ajaxresponse ajaxresponse_1 hidden\"><\/div><\/p><\/div>\n<\/div><\/div><\/div><!-- close content main div --><\/div><\/div><div id='after_section_1'  class='main_color av_default_container_wrap container_wrap sidebar_right'  ><div class='container av-section-cont-open' ><div class='template-page content  av-content-small alpha units'><div class='post-entry post-entry-type-page post-entry-2879'><div class='entry-content-wrapper clearfix'>\n","protected":false},"excerpt":{"rendered":"","protected":false},"author":2,"featured_media":0,"parent":0,"menu_order":0,"comment_status":"closed","ping_status":"closed","template":"","meta":{"footnotes":""},"_links":{"self":[{"href":"https:\/\/pevnw.com\/cms\/wp-json\/wp\/v2\/pages\/2879"}],"collection":[{"href":"https:\/\/pevnw.com\/cms\/wp-json\/wp\/v2\/pages"}],"about":[{"href":"https:\/\/pevnw.com\/cms\/wp-json\/wp\/v2\/types\/page"}],"author":[{"embeddable":true,"href":"https:\/\/pevnw.com\/cms\/wp-json\/wp\/v2\/users\/2"}],"replies":[{"embeddable":true,"href":"https:\/\/pevnw.com\/cms\/wp-json\/wp\/v2\/comments?post=2879"}],"version-history":[{"count":10,"href":"https:\/\/pevnw.com\/cms\/wp-json\/wp\/v2\/pages\/2879\/revisions"}],"predecessor-version":[{"id":7591,"href":"https:\/\/pevnw.com\/cms\/wp-json\/wp\/v2\/pages\/2879\/revisions\/7591"}],"wp:attachment":[{"href":"https:\/\/pevnw.com\/cms\/wp-json\/wp\/v2\/media?parent=2879"}],"curies":[{"name":"wp","href":"https:\/\/api.w.org\/{rel}","templated":true}]}}