{"id":1626,"date":"2017-09-11T22:50:13","date_gmt":"2017-09-11T20:50:13","guid":{"rendered":"http:\/\/pevnw.com\/cms\/?page_id=1626"},"modified":"2026-01-20T16:16:36","modified_gmt":"2026-01-20T15:16:36","slug":"aktuelles","status":"publish","type":"page","link":"https:\/\/pevnw.com\/cms\/aktuelles\/","title":{"rendered":"Aktuelles"},"content":{"rendered":"<div id='full_slider_1'  class='avia-fullwidth-slider main_color avia-shadow   avia-builder-el-0  el_before_av_layout_row  avia-builder-el-first   container_wrap sidebar_right'  >\n<style type=\"text\/css\" data-created_by=\"avia_inline_auto\" id=\"style-css-av-wcnrei-7c256179cd483f8552c27fe9738eaec5\">\n#top #wrap_all .avia-slideshow .av-slideshow-caption.av-wcnrei-7c256179cd483f8552c27fe9738eaec5__0 .avia-caption-title{\nfont-size:30px;\n}\n<\/style>\n<div  class='avia-slideshow av-wcnrei-7c256179cd483f8552c27fe9738eaec5 avia-slideshow-no scaling av_slideshow_full avia-slide-slider av-slideshow-ui av-control-default av-slideshow-manual av-loop-once av-loop-manual-endless av-default-height-applied   avia-slideshow-1' data-slideshow-options=\"{&quot;animation&quot;:&quot;slide&quot;,&quot;autoplay&quot;:false,&quot;loop_autoplay&quot;:&quot;once&quot;,&quot;interval&quot;:5,&quot;loop_manual&quot;:&quot;manual-endless&quot;,&quot;autoplay_stopper&quot;:false,&quot;noNavigation&quot;:false,&quot;bg_slider&quot;:false,&quot;keep_padding&quot;:false,&quot;hoverpause&quot;:false,&quot;show_slide_delay&quot;:0}\"  itemprop=\"image\" itemscope=\"itemscope\" itemtype=\"https:\/\/schema.org\/ImageObject\" ><ul class='avia-slideshow-inner ' style='padding-bottom: 27.7456647399%;'><li  class='avia-slideshow-slide av-wcnrei-7c256179cd483f8552c27fe9738eaec5__0  av-single-slide slide-1 slide-odd'><div data-rel='slideshow-1' class='avia-slide-wrap '   ><div class='av-slideshow-caption av-wcnrei-7c256179cd483f8552c27fe9738eaec5__0 caption_fullwidth caption_bottom caption_bottom_framed caption_framed'><div class=\"container caption_container\"><div class=\"slideshow_caption\"><div class=\"slideshow_inner_caption\"><div class=\"slideshow_align_caption\"><h2 class='avia-caption-title '  itemprop=\"name\" >Aktuelle Hinweise<\/h2><\/div><\/div><\/div><\/div><\/div><img decoding=\"async\" class=\"wp-image-15 avia-img-lazy-loading-not-15\"  src=\"https:\/\/pevnw.com\/cms\/wp-content\/uploads\/2017\/05\/Bildschirmfoto-2017-05-18-um-14.05.37.png\" width=\"1384\" height=\"384\" title='Bildschirmfoto 2017-05-18 um 14.05.37' alt=''  itemprop=\"thumbnailUrl\" srcset=\"https:\/\/pevnw.com\/cms\/wp-content\/uploads\/2017\/05\/Bildschirmfoto-2017-05-18-um-14.05.37.png 1384w, https:\/\/pevnw.com\/cms\/wp-content\/uploads\/2017\/05\/Bildschirmfoto-2017-05-18-um-14.05.37-300x83.png 300w, https:\/\/pevnw.com\/cms\/wp-content\/uploads\/2017\/05\/Bildschirmfoto-2017-05-18-um-14.05.37-768x213.png 768w, https:\/\/pevnw.com\/cms\/wp-content\/uploads\/2017\/05\/Bildschirmfoto-2017-05-18-um-14.05.37-1030x286.png 1030w, https:\/\/pevnw.com\/cms\/wp-content\/uploads\/2017\/05\/Bildschirmfoto-2017-05-18-um-14.05.37-705x196.png 705w, https:\/\/pevnw.com\/cms\/wp-content\/uploads\/2017\/05\/Bildschirmfoto-2017-05-18-um-14.05.37-450x125.png 450w\" sizes=\"(max-width: 1384px) 100vw, 1384px\" \/><\/div><\/li><\/ul><\/div><\/div>\n<div id='av-layout-grid-1'  class='av-layout-grid-container av-se28ay-4fd3e27e6683559ed8a9ff571d6e7c1a entry-content-wrapper main_color av-fixed-cells  avia-builder-el-1  el_after_av_slideshow_full  el_before_av_layout_row  grid-row-not-first  container_wrap sidebar_right'  >\n\n<style type=\"text\/css\" data-created_by=\"avia_inline_auto\" id=\"style-css-av-qs5tq2-36876536f936bf27792e1ed54c5cf1d2\">\n.flex_cell.av-qs5tq2-36876536f936bf27792e1ed54c5cf1d2{\nvertical-align:top;\nheight:2px;\nmin-height:2px;\nbackground-color:#eb600a;\n}\n.responsive #top #wrap_all .flex_cell.av-qs5tq2-36876536f936bf27792e1ed54c5cf1d2{\npadding:5px 0px 0px 0px !important;\n}\n<\/style>\n<div class='flex_cell av-qs5tq2-36876536f936bf27792e1ed54c5cf1d2 av-gridrow-cell av_one_fourth no_margin av-hide-on-mobile  avia-builder-el-2  el_before_av_cell_one_fourth  avia-builder-el-first ' ><div class='flex_cell_inner'>\n<style type=\"text\/css\" data-created_by=\"avia_inline_auto\" id=\"style-css-av-psxe56-01fcde206971bbf9adde39b6aba075a8\">\n#top .av_textblock_section.av-psxe56-01fcde206971bbf9adde39b6aba075a8 .avia_textblock{\nfont-size:15px;\ncolor:#ffffff;\n}\n<\/style>\n<section  class='av_textblock_section av-psxe56-01fcde206971bbf9adde39b6aba075a8'  itemscope=\"itemscope\" itemtype=\"https:\/\/schema.org\/CreativeWork\" ><div class='avia_textblock av_inherit_color'  itemprop=\"text\" ><p style=\"text-align: right;\">Bildungsangebote f\u00fcr Familien<\/p>\n<\/div><\/section>\n<\/div><\/div>\n<style type=\"text\/css\" data-created_by=\"avia_inline_auto\" id=\"style-css-av-nresd6-af20a7fc6ffde12001e334e5569ea87c\">\n.flex_cell.av-nresd6-af20a7fc6ffde12001e334e5569ea87c{\nvertical-align:top;\nheight:2px;\nmin-height:2px;\nbackground-color:#eb600a;\n}\n.responsive #top #wrap_all .flex_cell.av-nresd6-af20a7fc6ffde12001e334e5569ea87c{\npadding:0 0px 0px 0px !important;\n}\n<\/style>\n<div class='flex_cell av-nresd6-af20a7fc6ffde12001e334e5569ea87c av-gridrow-cell av_one_fourth no_margin  avia-builder-el-4  el_after_av_cell_one_fourth  el_before_av_cell_one_fourth ' ><div class='flex_cell_inner'><\/div><\/div>\n<style type=\"text\/css\" data-created_by=\"avia_inline_auto\" id=\"style-css-av-mqlk16-b53c6ac92c398065b791638ef529dc6f\">\n.flex_cell.av-mqlk16-b53c6ac92c398065b791638ef529dc6f{\nvertical-align:top;\nheight:2px;\nmin-height:2px;\nbackground-color:#eb600a;\n}\n.responsive #top #wrap_all .flex_cell.av-mqlk16-b53c6ac92c398065b791638ef529dc6f{\npadding:0px 0px 0px 0px !important;\n}\n<\/style>\n<div class='flex_cell av-mqlk16-b53c6ac92c398065b791638ef529dc6f av-gridrow-cell av_one_fourth no_margin av-hide-on-mobile  avia-builder-el-5  el_after_av_cell_one_fourth  el_before_av_cell_one_fourth  av-zero-padding' ><div class='flex_cell_inner'>\n<style type=\"text\/css\" data-created_by=\"avia_inline_auto\" id=\"style-css-av-l816fu-ad7b46357449e9581b35c135c18ad68e\">\n#top .av_textblock_section.av-l816fu-ad7b46357449e9581b35c135c18ad68e .avia_textblock{\nfont-size:15px;\ncolor:#ffffff;\n}\n<\/style>\n<section  class='av_textblock_section av-l816fu-ad7b46357449e9581b35c135c18ad68e'  itemscope=\"itemscope\" itemtype=\"https:\/\/schema.org\/CreativeWork\" ><div class='avia_textblock av_inherit_color'  itemprop=\"text\" ><p style=\"text-align: right;\">Telefon: 02323 493 17-60<\/p>\n<\/div><\/section>\n<\/div><\/div>\n<style type=\"text\/css\" data-created_by=\"avia_inline_auto\" id=\"style-css-av-jk7456-6d36d849513656e411ca9fc818671604\">\n.flex_cell.av-jk7456-6d36d849513656e411ca9fc818671604{\nvertical-align:top;\nheight:2px;\nmin-height:2px;\nbackground-color:#eb600a;\n}\n.responsive #top #wrap_all .flex_cell.av-jk7456-6d36d849513656e411ca9fc818671604{\npadding:0px 0px 0px 0px !important;\n}\n<\/style>\n<div class='flex_cell av-jk7456-6d36d849513656e411ca9fc818671604 av-gridrow-cell av_one_fourth no_margin av-hide-on-mobile  avia-builder-el-7  el_after_av_cell_one_fourth  avia-builder-el-last  av-zero-padding' ><div class='flex_cell_inner'>\n<style type=\"text\/css\" data-created_by=\"avia_inline_auto\" id=\"style-css-av-gs4si2-2e8ac19532f94a0d4a93b0777268c029\">\n#top .av_textblock_section.av-gs4si2-2e8ac19532f94a0d4a93b0777268c029 .avia_textblock{\nfont-size:15px;\ncolor:#ffffff;\n}\n<\/style>\n<section  class='av_textblock_section av-gs4si2-2e8ac19532f94a0d4a93b0777268c029'  itemscope=\"itemscope\" itemtype=\"https:\/\/schema.org\/CreativeWork\" ><div class='avia_textblock av_inherit_color'  itemprop=\"text\" ><p style=\"text-align: center;\">Mail: info@pevnrw.de<\/p>\n<\/div><\/section>\n<\/div><\/div>\n<\/div>\n<div id='av-layout-grid-2'  class='av-layout-grid-container av-fopoje-255f192ab79ef0e6a5e912d630eb0ca2 entry-content-wrapper main_color av-fixed-cells  avia-builder-el-9  el_after_av_layout_row  el_before_av_one_full  grid-row-not-first  container_wrap sidebar_right'  >\n\n<style type=\"text\/css\" data-created_by=\"avia_inline_auto\" id=\"style-css-av-dz4tfu-76d0883609e6cf259aa7c690c3bddc62\">\n.flex_cell.av-dz4tfu-76d0883609e6cf259aa7c690c3bddc62{\nvertical-align:top;\nheight:2px;\nmin-height:2px;\nbackground-color:#e3effc;\n}\n.responsive #top #wrap_all .flex_cell.av-dz4tfu-76d0883609e6cf259aa7c690c3bddc62{\npadding:10px 0px 0px 0px !important;\n}\n<\/style>\n<div class='flex_cell av-dz4tfu-76d0883609e6cf259aa7c690c3bddc62 av-gridrow-cell av_one_half no_margin  avia-builder-el-10  el_before_av_cell_one_half  avia-builder-el-first ' ><div class='flex_cell_inner'><\/div><\/div>\n<style type=\"text\/css\" data-created_by=\"avia_inline_auto\" id=\"style-css-av-bwwpga-041b28977d3bdc7f893510d6b50b7e74\">\n.flex_cell.av-bwwpga-041b28977d3bdc7f893510d6b50b7e74{\nvertical-align:top;\nheight:2px;\nmin-height:2px;\nbackground-color:#e3effc;\n}\n.responsive #top #wrap_all .flex_cell.av-bwwpga-041b28977d3bdc7f893510d6b50b7e74{\npadding:9px 0px 0px 0px !important;\n}\n<\/style>\n<div class='flex_cell av-bwwpga-041b28977d3bdc7f893510d6b50b7e74 av-gridrow-cell av_one_half no_margin  avia-builder-el-11  el_after_av_cell_one_half  avia-builder-el-last ' ><div class='flex_cell_inner'><\/div><\/div>\n<\/div><div id='after_grid_row_2'  class='main_color av_default_container_wrap container_wrap sidebar_right'  ><div class='container av-section-cont-open' ><div class='template-page content  av-content-small alpha units'><div class='post-entry post-entry-type-page post-entry-1626'><div class='entry-content-wrapper clearfix'>\n\n<style type=\"text\/css\" data-created_by=\"avia_inline_auto\" id=\"style-css-av-ai5xka-43dd068da62ef7a68599c9e274983285\">\n.flex_column.av-ai5xka-43dd068da62ef7a68599c9e274983285{\n-webkit-border-radius:0px 0px 0px 0px;\n-moz-border-radius:0px 0px 0px 0px;\nborder-radius:0px 0px 0px 0px;\npadding:0px 0px 0px 0px;\n}\n<\/style>\n<div class='flex_column av-ai5xka-43dd068da62ef7a68599c9e274983285 av_one_full  avia-builder-el-12  el_after_av_layout_row  el_before_av_layout_row  avia-builder-el-no-sibling  first flex_column_div av-zero-column-padding '     ><section  class='av_textblock_section av-8xv6lm-6db58f7573409df53e691513327d4224'  itemscope=\"itemscope\" itemtype=\"https:\/\/schema.org\/CreativeWork\" ><div class='avia_textblock'  itemprop=\"text\" ><h3><\/h3>\n<h3><\/h3>\n<h3><\/h3>\n<h3><\/h3>\n<h3><span style=\"font-size: 24px;\"><strong>KINDERTEAMER*INNEN F\u00dcR 2026 GESUCHT<\/strong><\/span><\/h3>\n<p>F\u00fcr verschiedene Familienbildungszeiten und Familienbildungsurlaube suchen wir derzeit noch <strong>Teamer*innen<\/strong>. Alle Informationen zu Orten, Zeiten und Rahmenbedingungen und Voraussetzungen gibt es in dieser <a href=\"https:\/\/pevnw.com\/cms\/wp-content\/uploads\/PEV-NRW_Ausschreibung-KinderteamerInnen_2026.pdf\" target=\"_blank\" rel=\"noopener\">\u00dcbersicht<\/a>. Wir freuen uns \u00fcber jede formlose Nachricht an info@pevnrw.de.<\/p>\n<h3><span style=\"font-size: 24px;\"><strong>PEV NRW TRAUERT UM KLAUS AMONEIT<\/strong><\/span><\/h3>\n<p>Der <strong>Progressive Eltern- und Erzieher*innen-Verband (PEV) NRW<\/strong> trauert zum Jahresbeginn 2025 um ein ganz besonderes Mitglied. Unser ehemaliger Vorsitzender Klaus &#8220;Amo&#8221; Amoneit ist am 02.01.2025 unerwartet verstorben. Mit diesem ausf\u00fchrlichen <a href=\"https:\/\/pevnw.com\/cms\/wp-content\/uploads\/KAmo_PM_Nachruf_250107_SJD-PEV-AF-FBF.pdf\" target=\"_blank\" rel=\"noopener\">Nachruf<\/a> wollen wir ihm gedenken und unserer Anteilnahme Ausdruck verleihen. Zudem bereiten wir aktuell zusammen mit befreundeten Organisationen eine Gedenkfeier im Salvador-Allende-Haus am 21.02.2025 vor, zu der wir zeitnah einladen werden&#8230;<\/p>\n<h3><strong><span style=\"font-size: 24px;\">FACHVERANSTALTUNG \u201cStarke Familien, faire Chancen\u201d<\/span><\/strong><\/h3>\n<div class=\"et_pb_section et_pb_section_0 et_section_regular\">\n<div class=\"et_pb_row et_pb_row_0\">\n<div class=\"et_pb_column et_pb_column_4_4 et_pb_column_0 et_pb_css_mix_blend_mode_passthrough et-last-child\">\n<div class=\"et_pb_module et_pb_text et_pb_text_0 et_clickable et_pb_text_align_left et_pb_bg_layout_light\">\n<div class=\"et_pb_text_inner\">Am Mittwoch, den 26.06.2024 fand die diesj\u00e4hrige <strong>Fachveranstaltung der LAG Familie NRW<\/strong> (unter Beteiligung des PEV NRW als federf\u00fchrendem Verband) statt \u2013 ein Diskussionsforum in Zusammenarbeit mit der Evangelischen Hochschule Rheinland-Westfalen-Lippe in deren Auditorium in Bochum.<\/div>\n<div class=\"et_pb_text_inner\">Wir freuen uns dar\u00fcber, dass wir ein kurzweiliges, spannendes und erkenntnisreiches Forum mit engagierten Praktikerinnen des sozialr\u00e4umlichen Arbeitens mit Familien, mit der nordrhein-westf\u00e4lischen Familienministerin Josefine Paul und mit Vertreterinnen sowie Studierenden der Hochschule erleben durften. Die im \u201cGraphic Recording\u201d erstellte Dokumentation zur Leitfrage <strong><em>\u201cMit welchen Strategien schaffen wir es in NRW, dass Familien im Quartier gest\u00e4rkt werden und gut leben k\u00f6nnen?\u201d <\/em><\/strong>stellen wir zeitnah zur Verf\u00fcgung.<\/div>\n<div class=\"et_pb_text_inner\">Herzlichen Dank an alle Beteiligten!<\/div>\n<div><img loading=\"lazy\" decoding=\"async\" class=\"\" src=\"https:\/\/pevnw.com\/cms\/wp-content\/uploads\/IMG_2462-scaled.jpg\" alt=\"\" width=\"240\" height=\"160\" \/>\u00a0 <img loading=\"lazy\" decoding=\"async\" class=\"\" src=\"https:\/\/pevnw.com\/cms\/wp-content\/uploads\/IMG_2441-scaled.jpg\" alt=\"\" width=\"241\" height=\"160\" \/>\u00a0 <img loading=\"lazy\" decoding=\"async\" class=\"\" src=\"https:\/\/pevnw.com\/cms\/wp-content\/uploads\/Fachtag-Quartiersarbeit-im-Wandel-scaled.jpg\" alt=\"\" width=\"268\" height=\"161\" \/><\/div>\n<div><span style=\"color: #ffffff;\">..<\/span><\/div>\n<\/div>\n<\/div>\n<\/div>\n<\/div>\n<h3><strong><span style=\"font-size: 24px;\">JUBIL\u00c4UM DES PEV<br \/>\n<\/span><\/strong><\/h3>\n<h3><span style=\"font-size: 24px;\">50 Jahre vielf\u00e4ltig engagiert f\u00fcr und mit Familien in NRW<\/span><\/h3>\n<p>PEV NRW feierte in 2023 sein 50j\u00e4hriges Bestehen und organisierte zu diesem Anlass verschiedene landesweite Veranstaltungen, wie beispielsweise ein Familien- und Sommerfest am 03.06.2023 in Recklinghausen oder einen Kinder-, Jugend- und Familienpolitischen Abend im Landtag NRW gemeinsam mit SJD &#8211; Die Falken, FBF NRW und SPD-Landtagsfraktion. Wir bedanken uns f\u00fcr den gro\u00dfen Zuspruch und die zahlreichen an uns \u00fcbermittelten Gl\u00fcckw\u00fcnsche!<\/p>\n<p><img loading=\"lazy\" decoding=\"async\" class=\"alignnone\" src=\"https:\/\/pevnw.com\/cms\/wp-content\/uploads\/IMG_20230603_124953-scaled.jpg\" alt=\"PEV-Museum\" width=\"200\" height=\"150\" \/>\u00a0 <img loading=\"lazy\" decoding=\"async\" class=\"\" src=\"https:\/\/pevnw.com\/cms\/wp-content\/uploads\/signal-2023-06-04-14-30-31-072.jpg\" alt=\"Mashup-50-Jahrfeier\" width=\"150\" height=\"150\" \/> <img loading=\"lazy\" decoding=\"async\" class=\"\" src=\"https:\/\/pevnw.com\/cms\/wp-content\/uploads\/IMG-20230601-WA0013.jpg\" alt=\"Eintrittsplakat\" width=\"200\" height=\"150\" \/> <img loading=\"lazy\" decoding=\"async\" class=\"\" src=\"https:\/\/pevnw.com\/cms\/wp-content\/uploads\/signal-2023-06-04-14-29-55-103.jpg\" alt=\"Mashup-50_Jahrfeier-Familienaktionen\" width=\"150\" height=\"150\" \/><\/p>\n<h3><strong><span style=\"font-size: 24px;\">KRIEG IN DER UKRAINE &amp; IN GAZA<br \/>\n<\/span><\/strong><\/h3>\n<h3><span style=\"font-size: 24px;\">HINWEISE ZUR FAMILIEN- UND KINDGERECHTEN AUSEINANDERSETZUNG<\/span><\/h3>\n<p><span class=\"overflow-hidden\"><span class=\"mat-app-background-1\">In der Ukraine und in Gaza herrscht Krieg. Der Angriff des russischen Regimes auf das Nachbarland ist weiterhin ein zentrales Thema in Nachrichten, in Familien, im Internet, auf der Arbeit und in der Schule. Dies gilt ebenso f\u00fcr die Bek\u00e4mpfung der Hamas durch die israelische Regierung in Gaza. Auch Kinder bekommen die Entwicklungen mit und k\u00f6nnen mit \u00c4ngsten und Verunsicherungen darauf reagieren. W\u00e4hrend Kriege und Auseinandersetzungen <\/span><\/span><span class=\"overflow-hidden\"><span class=\"mat-app-background-1\">auch im Rahmen von Veranstaltungen des PEV angesprochen und thematisiert werden, m\u00f6chten wir allen Eltern und Familien (sowie p\u00e4dagogischen Fachkr\u00e4ften) mit diesen Links und Hinweisen unterschiedliche M\u00f6glichkeiten aufzeigen, den \u00c4ngsten ihrer Kinder und Jugendlichen altersgerecht zu begegnen:<br \/>\n<\/span><\/span><\/p>\n<ul>\n<li><a href=\"https:\/\/www.zdf.de\/kinder\/logo\" target=\"_blank\" rel=\"noopener\">Logo!<\/a> \u2013 kindgerechte Videos und Informationen der \u00f6ffentlich-rechtlichen Sender<\/li>\n<li><a href=\"https:\/\/www.frieden-fragen.de\/\" target=\"_blank\" rel=\"noopener\">Frieden-Fragen<\/a> \u2013 Internet-Angebot f\u00fcr Kinder, Eltern und Erzieher*innen zu Fragen von Krieg und Frieden sowie Streit und Gewalt<\/li>\n<li><a href=\"https:\/\/www.flimmo.de\/redtext\/101380\/Krieg-in-Europa\" target=\"_blank\" rel=\"noopener\">Flimmo<\/a> \u2013 Elternratgeber f\u00fcr Medienerziehung<\/li>\n<li><a href=\"https:\/\/www.spektrum.de\/news\/angriff-auf-die-ukraine-wie-spricht-man-mit-kindern-ueber-krieg\/1993237\" target=\"_blank\" rel=\"noopener\">Spektrum<\/a> \u2013 Interview mit dem Familienberater T. Andersohn zum Thema &#8220;Wie spricht man mit Kindern \u00fcber Krieg?<\/li>\n<li><a href=\"https:\/\/www.harald-karutz.de\/wp-content\/uploads\/2022\/02\/Merkblatt_Karutz_Ukraine.pdf\" target=\"_blank\" rel=\"noopener\">Merkblatt<\/a> \u2013 Notfallp\u00e4dagoge Prof. Dr. H. Karutz<\/li>\n<li><a href=\"https:\/\/sz-magazin.sueddeutsche.de\/familie\/kinder-krieg-erklaeren-putin-ukraine-russland-89442?reduced=true\" target=\"_blank\" rel=\"noopener\">S\u00fcddeutsche Zeitung<\/a> oder <a href=\"https:\/\/www.ksta.de\/ratgeber\/familie\/psychologin-raet-so-sprechen-eltern-mit-kindern-ueber-den-krieg-in-der-ukraine-39465626?cb=1646216852084&amp;\" target=\"_blank\" rel=\"noopener\">K\u00f6lner Stadtanzeiger<\/a> \u2013 Interview mit Psychologin E. Raffauf zum Thema &#8220;Wie man mit Kindern \u00fcber den Krieg in der Ukraine spricht&#8221;<\/li>\n<li><a href=\"https:\/\/www.harald-karutz.de\/wp-content\/uploads\/2022\/02\/R0320-100080_SL_A_4_5_Richwin_extern.pdf\" target=\"_blank\" rel=\"noopener\">Handreichung<\/a> \u2013 &#8220;<span dir=\"ltr\" role=\"presentation\">Medial vermittelte Betroffenheit und <\/span><span dir=\"ltr\" role=\"presentation\">Unterst\u00fctzungsangebote in der Schule&#8221; v. Richwin &amp; Karutz<\/span><\/li>\n<li><a href=\"https:\/\/www.deutscher-familienverband.de\/ukraine-krieg-deutscher-familienverband-aktiviert-unterstuetzungsmassnahmen-fuer-ukrainische-familien\/\" target=\"_blank\" rel=\"noopener\">Spendenoption<\/a> \u2013 Unterst\u00fctzende Ma\u00dfnahmen f\u00fcr Familien in und aus der Ukraine des Deutschen Familienverbandes<\/li>\n<li><a href=\"https:\/\/www.nummergegenkummer.de\/helpline-ukraine\/\" target=\"_blank\" rel=\"noopener\">Helpline Ukraine<\/a> 0800\/5002250 (Nummer gegen Kummer in ukrainischer u. russischer Sprache f\u00fcr gefl\u00fcchtete Eltern u. Familienmitglieder)<\/li>\n<\/ul>\n<h3><\/h3>\n<h3><\/h3>\n<h3><\/h3>\n<h3><\/h3>\n<h3><span style=\"font-size: 24px;\"><strong>Und wenn die Konflikte zu gro\u00df werden &#8230;<\/strong><\/span><\/h3>\n<p>Der Stress der belastenden Familiensituation kann leider auch zu Konflikten sowie sogar zu seelischer und k\u00f6rperlicher Gewalt zwischen Familienmitgliedern f\u00fchren. Das soll, darf und muss nicht sein &#8211; suchen Sie sich \/ sucht euch deshalb fr\u00fchzeitig Hilfe und Unterst\u00fctzung.<\/p>\n<p>Hier finden Sie\/ findet ihr <em>Gespr\u00e4chspartner*innen f\u00fcr Notsituationen<\/em>:<\/p>\n<ul>\n<li>f\u00fcr\u00a0<strong>Kinder<\/strong>: 0800\/1516001 (Telefon &#8211; kostenfrei wochentags von13:30 bis 17:30 Uhr)<\/li>\n<li>f\u00fcr <strong>Kinder und Jugendliche<\/strong>: 0800-47 86 111 (Telefon &#8211; kostenfrei rund um die Uhr)<\/li>\n<li>f\u00fcr\u00a0<strong>Frauen\/M\u00fctter<\/strong>: 0800\/0116016 (Telefon &#8211; rund um die Uhr)<\/li>\n<li>f\u00fcr <strong>M\u00e4nner\/V\u00e4ter<\/strong>: <a href=\"https:\/\/echte-m\u00e4nner-reden.de\/\" target=\"_blank\" rel=\"noopener noreferrer\">https:\/\/echte-m\u00e4nner-reden.de\/<\/a> oder <a href=\"http:\/\/www.maennerberatungsnetz.de\" target=\"_blank\" rel=\"noopener noreferrer\">M\u00e4nnerberatungsnetz<\/a> (Online)<\/li>\n<li>Hilfetelefon <strong>Gewalt an M\u00e4nnern<\/strong>: 0800\/ 23 9900 (Telefon)<\/li>\n<li>f\u00fcr <strong>Eltern\/Erziehungsberechtigte allgemein<\/strong>:\u00a00800\/1110550 (Telefon &#8211; kostenfrei montags bis freitags von 9.00 Uhr bis 11.00 Uhr und dienstags und donnerstags von 17.00 Uhr bis 19.00 Uhr) \u00a0 \u00a0 \u00a0 \u00a0 \u00a0\u00a0 oder <a href=\"https:\/\/www.elternsein.info\/beratung-anonym\/anonym-kostenlos\/corona-zeiten-beratung-jetzt-fuer-eltern\/\">https:\/\/www.elternsein.info\/<\/a> (Online-\u00dcbersicht)<\/li>\n<li>f\u00fcr <strong>Schwangere<\/strong>: 0800\/4040020 (Telefon)<\/li>\n<\/ul>\n<h3><\/h3>\n<h3><\/h3>\n<\/div><\/section><\/div><\/div><\/div><\/div><!-- close content main div --><\/div><\/div><div id='av-layout-grid-3'  class='av-layout-grid-container av-7ao1x6-8531996a55388f32c7076beb2bbfb991 entry-content-wrapper main_color av-fixed-cells  avia-builder-el-14  el_after_av_one_full  el_before_av_one_full  grid-row-not-first  container_wrap sidebar_right'  >\n\n<style type=\"text\/css\" data-created_by=\"avia_inline_auto\" id=\"style-css-av-j84dm-768f1e038f257d04de98e4a67ac707db\">\n.flex_cell.av-j84dm-768f1e038f257d04de98e4a67ac707db{\nvertical-align:top;\nheight:2px;\nmin-height:2px;\nbackground-color:#e3effc;\n}\n.responsive #top #wrap_all .flex_cell.av-j84dm-768f1e038f257d04de98e4a67ac707db{\npadding:10px 0px 0px 0px !important;\n}\n<\/style>\n<div class='flex_cell av-j84dm-768f1e038f257d04de98e4a67ac707db av-gridrow-cell av_one_half no_margin  avia-builder-el-15  el_before_av_cell_one_half  avia-builder-el-first ' ><div class='flex_cell_inner'><\/div><\/div>\n<style type=\"text\/css\" data-created_by=\"avia_inline_auto\" id=\"style-css-av-3j42wq-c30edbdb4ca73b3cbca0c0d08cec1192\">\n.flex_cell.av-3j42wq-c30edbdb4ca73b3cbca0c0d08cec1192{\nvertical-align:top;\nheight:2px;\nmin-height:2px;\nbackground-color:#e3effc;\n}\n.responsive #top #wrap_all .flex_cell.av-3j42wq-c30edbdb4ca73b3cbca0c0d08cec1192{\npadding:9px 0px 0px 0px !important;\n}\n<\/style>\n<div class='flex_cell av-3j42wq-c30edbdb4ca73b3cbca0c0d08cec1192 av-gridrow-cell av_one_half no_margin  avia-builder-el-16  el_after_av_cell_one_half  avia-builder-el-last ' ><div class='flex_cell_inner'><\/div><\/div>\n<\/div><div id='after_grid_row_3'  class='main_color av_default_container_wrap container_wrap sidebar_right'  ><div class='container av-section-cont-open' ><div class='template-page content  av-content-small alpha units'><div class='post-entry post-entry-type-page post-entry-1626'><div class='entry-content-wrapper clearfix'><\/p>\n\n<style type=\"text\/css\" data-created_by=\"avia_inline_auto\" id=\"style-css-av-2pt4ii-f24f396b537313faaf0b03ca2e4b6d31\">\n.flex_column.av-2pt4ii-f24f396b537313faaf0b03ca2e4b6d31{\n-webkit-border-radius:0px 0px 0px 0px;\n-moz-border-radius:0px 0px 0px 0px;\nborder-radius:0px 0px 0px 0px;\npadding:0px 0px 0px 0px;\n}\n<\/style>\n<div class='flex_column av-2pt4ii-f24f396b537313faaf0b03ca2e4b6d31 av_one_full  avia-builder-el-17  el_after_av_layout_row  avia-builder-el-no-sibling  first flex_column_div av-zero-column-padding '     ><\/div>\n","protected":false},"excerpt":{"rendered":"","protected":false},"author":1,"featured_media":0,"parent":0,"menu_order":0,"comment_status":"closed","ping_status":"closed","template":"","meta":{"footnotes":""},"_links":{"self":[{"href":"https:\/\/pevnw.com\/cms\/wp-json\/wp\/v2\/pages\/1626"}],"collection":[{"href":"https:\/\/pevnw.com\/cms\/wp-json\/wp\/v2\/pages"}],"about":[{"href":"https:\/\/pevnw.com\/cms\/wp-json\/wp\/v2\/types\/page"}],"author":[{"embeddable":true,"href":"https:\/\/pevnw.com\/cms\/wp-json\/wp\/v2\/users\/1"}],"replies":[{"embeddable":true,"href":"https:\/\/pevnw.com\/cms\/wp-json\/wp\/v2\/comments?post=1626"}],"version-history":[{"count":10,"href":"https:\/\/pevnw.com\/cms\/wp-json\/wp\/v2\/pages\/1626\/revisions"}],"predecessor-version":[{"id":9039,"href":"https:\/\/pevnw.com\/cms\/wp-json\/wp\/v2\/pages\/1626\/revisions\/9039"}],"wp:attachment":[{"href":"https:\/\/pevnw.com\/cms\/wp-json\/wp\/v2\/media?parent=1626"}],"curies":[{"name":"wp","href":"https:\/\/api.w.org\/{rel}","templated":true}]}}