{"id":1574,"date":"2017-08-18T14:41:54","date_gmt":"2017-08-18T12:41:54","guid":{"rendered":"http:\/\/pevnw.com\/cms\/?page_id=1574"},"modified":"2025-07-25T14:23:03","modified_gmt":"2025-07-25T12:23:03","slug":"bereichskonzept4","status":"publish","type":"page","link":"https:\/\/pevnw.com\/cms\/bereichskonzept4\/","title":{"rendered":"Bereichskonzept4"},"content":{"rendered":"<div id='full_slider_1'  class='avia-fullwidth-slider main_color avia-shadow   avia-builder-el-0  el_before_av_layout_row  avia-builder-el-first   container_wrap sidebar_right'  >\n<style type=\"text\/css\" data-created_by=\"avia_inline_auto\" id=\"style-css-av-y4hn4m-8d4a5b7ce7ec2850d8d110fbf41be62c\">\n#top #wrap_all .avia-slideshow .av-slideshow-caption.av-y4hn4m-8d4a5b7ce7ec2850d8d110fbf41be62c__0 .avia-caption-title{\nfont-size:30px;\n}\n<\/style>\n<div  class='avia-slideshow av-y4hn4m-8d4a5b7ce7ec2850d8d110fbf41be62c avia-slideshow-no scaling av_slideshow_full avia-slide-slider av-slideshow-ui av-control-default av-slideshow-manual av-loop-once av-loop-manual-endless av-default-height-applied   avia-slideshow-1' data-slideshow-options=\"{&quot;animation&quot;:&quot;slide&quot;,&quot;autoplay&quot;:false,&quot;loop_autoplay&quot;:&quot;once&quot;,&quot;interval&quot;:5,&quot;loop_manual&quot;:&quot;manual-endless&quot;,&quot;autoplay_stopper&quot;:false,&quot;noNavigation&quot;:false,&quot;bg_slider&quot;:false,&quot;keep_padding&quot;:false,&quot;hoverpause&quot;:false,&quot;show_slide_delay&quot;:0}\"  itemprop=\"image\" itemscope=\"itemscope\" itemtype=\"https:\/\/schema.org\/ImageObject\" ><ul class='avia-slideshow-inner ' style='padding-bottom: 27.9396984925%;'><li  class='avia-slideshow-slide av-y4hn4m-8d4a5b7ce7ec2850d8d110fbf41be62c__0  av-single-slide slide-1 slide-odd'><div data-rel='slideshow-1' class='avia-slide-wrap '   ><div class='av-slideshow-caption av-y4hn4m-8d4a5b7ce7ec2850d8d110fbf41be62c__0 caption_fullwidth caption_bottom caption_bottom_framed caption_framed'><div class=\"container caption_container\"><div class=\"slideshow_caption\"><div class=\"slideshow_inner_caption\"><div class=\"slideshow_align_caption\"><h2 class='avia-caption-title '  itemprop=\"name\" >Bereichskonzepte<\/h2><\/div><\/div><\/div><\/div><\/div><img decoding=\"async\" class=\"wp-image-1231 avia-img-lazy-loading-not-1231\"  src=\"https:\/\/pevnw.com\/cms\/wp-content\/uploads\/2016\/02\/PEV_2016_Header_08_Feuer_0179.png\" width=\"995\" height=\"278\" title='PEV_2016_Header_08_Feuer_0179' alt=''  itemprop=\"thumbnailUrl\" srcset=\"https:\/\/pevnw.com\/cms\/wp-content\/uploads\/2016\/02\/PEV_2016_Header_08_Feuer_0179.png 995w, https:\/\/pevnw.com\/cms\/wp-content\/uploads\/2016\/02\/PEV_2016_Header_08_Feuer_0179-300x84.png 300w, https:\/\/pevnw.com\/cms\/wp-content\/uploads\/2016\/02\/PEV_2016_Header_08_Feuer_0179-768x215.png 768w, https:\/\/pevnw.com\/cms\/wp-content\/uploads\/2016\/02\/PEV_2016_Header_08_Feuer_0179-705x197.png 705w, https:\/\/pevnw.com\/cms\/wp-content\/uploads\/2016\/02\/PEV_2016_Header_08_Feuer_0179-450x126.png 450w\" sizes=\"(max-width: 995px) 100vw, 995px\" \/><\/div><\/li><\/ul><\/div><\/div>\n<div id='av-layout-grid-1'  class='av-layout-grid-container av-31f2rq-96af09f97c0fd00e0a27c12811f5f285 entry-content-wrapper main_color av-fixed-cells  avia-builder-el-1  el_after_av_slideshow_full  el_before_av_layout_row  grid-row-not-first  container_wrap sidebar_right'  >\n\n<style type=\"text\/css\" data-created_by=\"avia_inline_auto\" id=\"style-css-av-sen0py-038080c32aa29238168e1ad03fd2a05c\">\n.flex_cell.av-sen0py-038080c32aa29238168e1ad03fd2a05c{\nvertical-align:top;\nheight:2px;\nmin-height:2px;\nbackground-color:#eb600a;\n}\n.responsive #top #wrap_all .flex_cell.av-sen0py-038080c32aa29238168e1ad03fd2a05c{\npadding:5px 0px 0px 0px !important;\n}\n<\/style>\n<div class='flex_cell av-sen0py-038080c32aa29238168e1ad03fd2a05c av-gridrow-cell av_one_fourth no_margin av-hide-on-mobile  avia-builder-el-2  el_before_av_cell_one_fourth  avia-builder-el-first ' ><div class='flex_cell_inner'>\n<style type=\"text\/css\" data-created_by=\"avia_inline_auto\" id=\"style-css-av-rxgnx2-62263eff5599e0187fb36aa1c3da390a\">\n#top .av_textblock_section.av-rxgnx2-62263eff5599e0187fb36aa1c3da390a .avia_textblock{\nfont-size:15px;\ncolor:#ffffff;\n}\n<\/style>\n<section  class='av_textblock_section av-rxgnx2-62263eff5599e0187fb36aa1c3da390a'  itemscope=\"itemscope\" itemtype=\"https:\/\/schema.org\/CreativeWork\" ><div class='avia_textblock av_inherit_color'  itemprop=\"text\" ><p style=\"text-align: right;\">Bildungsangebote f\u00fcr Familien<\/p>\n<\/div><\/section>\n<\/div><\/div>\n<style type=\"text\/css\" data-created_by=\"avia_inline_auto\" id=\"style-css-av-2n5yjq-56edc1a568a7e000da2980264c2f46a3\">\n.flex_cell.av-2n5yjq-56edc1a568a7e000da2980264c2f46a3{\nvertical-align:top;\nheight:2px;\nmin-height:2px;\nbackground-color:#eb600a;\n}\n.responsive #top #wrap_all .flex_cell.av-2n5yjq-56edc1a568a7e000da2980264c2f46a3{\npadding:0 0px 0px 0px !important;\n}\n<\/style>\n<div class='flex_cell av-2n5yjq-56edc1a568a7e000da2980264c2f46a3 av-gridrow-cell av_one_fourth no_margin  avia-builder-el-4  el_after_av_cell_one_fourth  el_before_av_cell_one_fourth ' ><div class='flex_cell_inner'><\/div><\/div>\n<style type=\"text\/css\" data-created_by=\"avia_inline_auto\" id=\"style-css-av-ni6s5y-b5e803c81e7253cf828f6884a29eed86\">\n.flex_cell.av-ni6s5y-b5e803c81e7253cf828f6884a29eed86{\nvertical-align:top;\nheight:2px;\nmin-height:2px;\nbackground-color:#eb600a;\n}\n.responsive #top #wrap_all .flex_cell.av-ni6s5y-b5e803c81e7253cf828f6884a29eed86{\npadding:0px 0px 0px 0px !important;\n}\n<\/style>\n<div class='flex_cell av-ni6s5y-b5e803c81e7253cf828f6884a29eed86 av-gridrow-cell av_one_fourth no_margin av-hide-on-mobile  avia-builder-el-5  el_after_av_cell_one_fourth  el_before_av_cell_one_fourth  av-zero-padding' ><div class='flex_cell_inner'>\n<style type=\"text\/css\" data-created_by=\"avia_inline_auto\" id=\"style-css-av-lrsrom-21366957cc4b60daaf3f41134e2c3f19\">\n#top .av_textblock_section.av-lrsrom-21366957cc4b60daaf3f41134e2c3f19 .avia_textblock{\nfont-size:15px;\ncolor:#ffffff;\n}\n<\/style>\n<section  class='av_textblock_section av-lrsrom-21366957cc4b60daaf3f41134e2c3f19'  itemscope=\"itemscope\" itemtype=\"https:\/\/schema.org\/CreativeWork\" ><div class='avia_textblock av_inherit_color'  itemprop=\"text\" ><p style=\"text-align: right;\">Telefon: 02323 493 17-60<\/p>\n<\/div><\/section>\n<\/div><\/div>\n<style type=\"text\/css\" data-created_by=\"avia_inline_auto\" id=\"style-css-av-k47x6e-0affcad96ca117d372fed27fb53bc8d4\">\n.flex_cell.av-k47x6e-0affcad96ca117d372fed27fb53bc8d4{\nvertical-align:top;\nheight:2px;\nmin-height:2px;\nbackground-color:#eb600a;\n}\n.responsive #top #wrap_all .flex_cell.av-k47x6e-0affcad96ca117d372fed27fb53bc8d4{\npadding:0px 0px 0px 0px !important;\n}\n<\/style>\n<div class='flex_cell av-k47x6e-0affcad96ca117d372fed27fb53bc8d4 av-gridrow-cell av_one_fourth no_margin av-hide-on-mobile  avia-builder-el-7  el_after_av_cell_one_fourth  avia-builder-el-last  av-zero-padding' ><div class='flex_cell_inner'>\n<style type=\"text\/css\" data-created_by=\"avia_inline_auto\" id=\"style-css-av-jpz0o6-dd4e7137064d2613449e85681a39f09a\">\n#top .av_textblock_section.av-jpz0o6-dd4e7137064d2613449e85681a39f09a .avia_textblock{\nfont-size:15px;\ncolor:#ffffff;\n}\n<\/style>\n<section  class='av_textblock_section av-jpz0o6-dd4e7137064d2613449e85681a39f09a'  itemscope=\"itemscope\" itemtype=\"https:\/\/schema.org\/CreativeWork\" ><div class='avia_textblock av_inherit_color'  itemprop=\"text\" ><p style=\"text-align: center;\">Mail: info@pevnrw.de<\/p>\n<\/div><\/section>\n<\/div><\/div>\n<\/div>\n<div id='av-layout-grid-2'  class='av-layout-grid-container av-1rehfa-c420c7a8e532145d37289aee6959fb0c entry-content-wrapper main_color av-fixed-cells  avia-builder-el-9  el_after_av_layout_row  el_before_av_one_full  grid-row-not-first  container_wrap sidebar_right'  >\n\n<style type=\"text\/css\" data-created_by=\"avia_inline_auto\" id=\"style-css-av-f50nt2-4995c9946b09317c6295b1799c21ffdb\">\n.flex_cell.av-f50nt2-4995c9946b09317c6295b1799c21ffdb{\nvertical-align:top;\nheight:2px;\nmin-height:2px;\nbackground-color:#e3effc;\n}\n.responsive #top #wrap_all .flex_cell.av-f50nt2-4995c9946b09317c6295b1799c21ffdb{\npadding:10px 0px 0px 0px !important;\n}\n<\/style>\n<div class='flex_cell av-f50nt2-4995c9946b09317c6295b1799c21ffdb av-gridrow-cell av_one_half no_margin  avia-builder-el-10  el_before_av_cell_one_half  avia-builder-el-first ' ><div class='flex_cell_inner'><\/div><\/div>\n<style type=\"text\/css\" data-created_by=\"avia_inline_auto\" id=\"style-css-av-diqr46-f05aecfae04b334cb75d697a9c1fa257\">\n.flex_cell.av-diqr46-f05aecfae04b334cb75d697a9c1fa257{\nvertical-align:top;\nheight:2px;\nmin-height:2px;\nbackground-color:#e3effc;\n}\n.responsive #top #wrap_all .flex_cell.av-diqr46-f05aecfae04b334cb75d697a9c1fa257{\npadding:9px 0px 0px 0px !important;\n}\n<\/style>\n<div class='flex_cell av-diqr46-f05aecfae04b334cb75d697a9c1fa257 av-gridrow-cell av_one_half no_margin  avia-builder-el-11  el_after_av_cell_one_half  avia-builder-el-last ' ><div class='flex_cell_inner'><\/div><\/div>\n<\/div><div id='after_grid_row_2'  class='main_color av_default_container_wrap container_wrap sidebar_right'  ><div class='container av-section-cont-open' ><div class='template-page content  av-content-small alpha units'><div class='post-entry post-entry-type-page post-entry-1574'><div class='entry-content-wrapper clearfix'>\n\n<style type=\"text\/css\" data-created_by=\"avia_inline_auto\" id=\"style-css-av-c7g2ti-c0aff2d70fa0fcdaa8955684c89ff4e0\">\n.flex_column.av-c7g2ti-c0aff2d70fa0fcdaa8955684c89ff4e0{\n-webkit-border-radius:0px 0px 0px 0px;\n-moz-border-radius:0px 0px 0px 0px;\nborder-radius:0px 0px 0px 0px;\npadding:0px 0px 0px 0px;\n}\n<\/style>\n<div class='flex_column av-c7g2ti-c0aff2d70fa0fcdaa8955684c89ff4e0 av_one_full  avia-builder-el-12  el_after_av_layout_row  el_before_av_one_half  avia-builder-el-first  first flex_column_div av-zero-column-padding '     ><section  class='av_textblock_section av-bbd8qu-8ba79ce7dc062b243c4259a98fb00128'  itemscope=\"itemscope\" itemtype=\"https:\/\/schema.org\/CreativeWork\" ><div class='avia_textblock'  itemprop=\"text\" ><h2>Sozialisation von Kindern (4)<\/h2>\n<p>Kinder sind keine passiven \u201eObjekte von Erziehung\u201c, sondern eigenaktive Akteur*innen in einem sozialen System. Sie befinden sich in einem st\u00e4ndigen Prozess des Aushandelns, Lernens und der Wechselwirkung mit ihrer Umwelt \u2013 einschlie\u00dflich ihrer Familie. Eltern und Sorgeverantwortliche stehen dabei vor der komplexen Herausforderung, die vielf\u00e4ltigen Bed\u00fcrfnisse zu ber\u00fccksichtigen: die individuellen Bed\u00fcrfnisse, diejenigen, die aus ihren sozialen Beziehungen entstehen, sowie die des Kindes.<\/p>\n<p>Als Begleitpersonen der kindlichen Sozialisation m\u00fcssen Eltern und Sorgeverantwortliche ihre eigenen Anforderungen und die gesellschaftlichen Erwartungen, die an sie herangetragen werden, reflektieren. Dies ist eine herausfordernde Aufgabe, die oft von Gef\u00fchlen wie Mut- und Hilflosigkeit, \u00dcberforderung, Selbstzweifel oder Resignation begleitet wird. Soziale Medien verst\u00e4rken diese Unsicherheiten durch idealisierte Darstellungen von Erziehung, Elternschaft und Familienleben. Hier sind sowohl Familien als auch die Gesellschaft gefordert. Wir sehen in der Reflexion einseitiger Normvorstellungen, dem Erkennen individueller und gemeinsamer Bed\u00fcrfnisse sowie dem demokratischen Aushandeln von Entscheidungen zentrale Elemente f\u00fcr eine erfolgreiche Sozialisation von Kindern. Es geht uns darum, Kompromissf\u00e4higkeit und Resilienz erlern- und erlebbar zu machen, um eine aktive und partizipative Lebensgestaltung zu f\u00f6rdern.<\/p>\n<p>Unsere Bildungsveranstaltungen unterst\u00fctzen Sorgeverantwortliche dabei, ihre eigenen Erziehungs- und Bildungserfahrungen zu reflektieren. Durch die Aufarbeitung der eigenen Biographie, das Erkennen von Anspr\u00fcchen, Glaubenss\u00e4tzen und Verhaltensmustern sollen Erziehende in die Lage versetzt werden, eigene Handlungsperspektiven zu entwickeln. Diese Reflexion ist entscheidend, um Kinder zu selbstbewussten und gefestigten Pers\u00f6nlichkeiten zu begleiten.<\/p>\n<\/div><\/section><\/div>\n<style type=\"text\/css\" data-created_by=\"avia_inline_auto\" id=\"style-css-av-8z6jt2-e42dd062e62e21d447d53662ff5ee7da\">\n.flex_column.av-8z6jt2-e42dd062e62e21d447d53662ff5ee7da{\n-webkit-border-radius:0px 0px 0px 0px;\n-moz-border-radius:0px 0px 0px 0px;\nborder-radius:0px 0px 0px 0px;\npadding:0px 0px 0px 0px;\n}\n<\/style>\n<div class='flex_column av-8z6jt2-e42dd062e62e21d447d53662ff5ee7da av_one_half  avia-builder-el-14  el_after_av_one_full  el_before_av_layout_row  avia-builder-el-last  first flex_column_div av-zero-column-padding column-top-margin'     ><div  class='avia-button-wrap av-7zn6pi-601cbf91547e1de2f8fa63eff99e389f-wrap avia-button-left  avia-builder-el-15  avia-builder-el-no-sibling '><a href='https:\/\/pevnw.com\/cms\/bereichskonzepte-uebersicht\/'  class='avia-button av-7zn6pi-601cbf91547e1de2f8fa63eff99e389f avia-icon_select-yes-left-icon avia-size-large avia-position-left avia-color-theme-color'  ><span class='avia_button_icon avia_button_icon_left' aria-hidden='true' data-av_icon='\ue830' data-av_iconfont='entypo-fontello'><\/span><span class='avia_iconbox_title' >Zur\u00fcck zur \u00dcbersicht<\/span><\/a><\/div><\/div><\/p>\n<\/div><\/div><\/div><!-- close content main div --><\/div><\/div><div id='av-layout-grid-3'  class='av-layout-grid-container av-599ipi-b2b1a0b49d7148fb95827a1cef20603b entry-content-wrapper main_color av-fixed-cells  avia-builder-el-16  el_after_av_one_half  avia-builder-el-last  grid-row-not-first  container_wrap sidebar_right'  >\n\n<style type=\"text\/css\" data-created_by=\"avia_inline_auto\" id=\"style-css-av-462c8m-9590f2fd632ae0a282f1bef41a13ea90\">\n.flex_cell.av-462c8m-9590f2fd632ae0a282f1bef41a13ea90{\nvertical-align:top;\nheight:2px;\nmin-height:2px;\nbackground-color:#e3effc;\n}\n.responsive #top #wrap_all .flex_cell.av-462c8m-9590f2fd632ae0a282f1bef41a13ea90{\npadding:10px 0px 0px 0px !important;\n}\n<\/style>\n<div class='flex_cell av-462c8m-9590f2fd632ae0a282f1bef41a13ea90 av-gridrow-cell av_one_half no_margin  avia-builder-el-17  el_before_av_cell_one_half  avia-builder-el-first ' ><div class='flex_cell_inner'><\/div><\/div>\n<style type=\"text\/css\" data-created_by=\"avia_inline_auto\" id=\"style-css-av-3516eu-6b202bbffa7ed2faec0a423ba26bcbd2\">\n.flex_cell.av-3516eu-6b202bbffa7ed2faec0a423ba26bcbd2{\nvertical-align:top;\nheight:2px;\nmin-height:2px;\nbackground-color:#e3effc;\n}\n.responsive #top #wrap_all .flex_cell.av-3516eu-6b202bbffa7ed2faec0a423ba26bcbd2{\npadding:9px 0px 0px 0px !important;\n}\n<\/style>\n<div class='flex_cell av-3516eu-6b202bbffa7ed2faec0a423ba26bcbd2 av-gridrow-cell av_one_half no_margin  avia-builder-el-18  el_after_av_cell_one_half  avia-builder-el-last ' ><div class='flex_cell_inner'><\/div><\/div>\n<\/div>\n","protected":false},"excerpt":{"rendered":"","protected":false},"author":1,"featured_media":0,"parent":0,"menu_order":0,"comment_status":"closed","ping_status":"closed","template":"","meta":{"footnotes":""},"_links":{"self":[{"href":"https:\/\/pevnw.com\/cms\/wp-json\/wp\/v2\/pages\/1574"}],"collection":[{"href":"https:\/\/pevnw.com\/cms\/wp-json\/wp\/v2\/pages"}],"about":[{"href":"https:\/\/pevnw.com\/cms\/wp-json\/wp\/v2\/types\/page"}],"author":[{"embeddable":true,"href":"https:\/\/pevnw.com\/cms\/wp-json\/wp\/v2\/users\/1"}],"replies":[{"embeddable":true,"href":"https:\/\/pevnw.com\/cms\/wp-json\/wp\/v2\/comments?post=1574"}],"version-history":[{"count":5,"href":"https:\/\/pevnw.com\/cms\/wp-json\/wp\/v2\/pages\/1574\/revisions"}],"predecessor-version":[{"id":8786,"href":"https:\/\/pevnw.com\/cms\/wp-json\/wp\/v2\/pages\/1574\/revisions\/8786"}],"wp:attachment":[{"href":"https:\/\/pevnw.com\/cms\/wp-json\/wp\/v2\/media?parent=1574"}],"curies":[{"name":"wp","href":"https:\/\/api.w.org\/{rel}","templated":true}]}}