{"id":1551,"date":"2017-08-18T13:54:24","date_gmt":"2017-08-18T11:54:24","guid":{"rendered":"http:\/\/pevnw.com\/cms\/?page_id=1551"},"modified":"2025-07-25T14:17:11","modified_gmt":"2025-07-25T12:17:11","slug":"bereichskonzept1","status":"publish","type":"page","link":"https:\/\/pevnw.com\/cms\/bereichskonzept1\/","title":{"rendered":"Bereichskonzept1"},"content":{"rendered":"<div id='full_slider_1'  class='avia-fullwidth-slider main_color avia-shadow   avia-builder-el-0  el_before_av_layout_row  avia-builder-el-first   container_wrap sidebar_right'  >\n<style type=\"text\/css\" data-created_by=\"avia_inline_auto\" id=\"style-css-av-xrkqzz-452d1922cc47322700824780bfedac92\">\n#top #wrap_all .avia-slideshow .av-slideshow-caption.av-xrkqzz-452d1922cc47322700824780bfedac92__0 .avia-caption-title{\nfont-size:30px;\n}\n<\/style>\n<div  class='avia-slideshow av-xrkqzz-452d1922cc47322700824780bfedac92 avia-slideshow-no scaling av_slideshow_full avia-slide-slider av-slideshow-ui av-control-default av-slideshow-manual av-loop-once av-loop-manual-endless av-default-height-applied   avia-slideshow-1' data-slideshow-options=\"{&quot;animation&quot;:&quot;slide&quot;,&quot;autoplay&quot;:false,&quot;loop_autoplay&quot;:&quot;once&quot;,&quot;interval&quot;:5,&quot;loop_manual&quot;:&quot;manual-endless&quot;,&quot;autoplay_stopper&quot;:false,&quot;noNavigation&quot;:false,&quot;bg_slider&quot;:false,&quot;keep_padding&quot;:false,&quot;hoverpause&quot;:false,&quot;show_slide_delay&quot;:0}\"  itemprop=\"image\" itemscope=\"itemscope\" itemtype=\"https:\/\/schema.org\/ImageObject\" ><ul class='avia-slideshow-inner ' style='padding-bottom: 27.9396984925%;'><li  class='avia-slideshow-slide av-xrkqzz-452d1922cc47322700824780bfedac92__0  av-single-slide slide-1 slide-odd'><div data-rel='slideshow-1' class='avia-slide-wrap '   ><div class='av-slideshow-caption av-xrkqzz-452d1922cc47322700824780bfedac92__0 caption_fullwidth caption_bottom caption_bottom_framed caption_framed'><div class=\"container caption_container\"><div class=\"slideshow_caption\"><div class=\"slideshow_inner_caption\"><div class=\"slideshow_align_caption\"><h2 class='avia-caption-title '  itemprop=\"name\" >Bereichskonzepte<\/h2><\/div><\/div><\/div><\/div><\/div><img decoding=\"async\" class=\"wp-image-1231 avia-img-lazy-loading-not-1231\"  src=\"https:\/\/pevnw.com\/cms\/wp-content\/uploads\/2016\/02\/PEV_2016_Header_08_Feuer_0179.png\" width=\"995\" height=\"278\" title='PEV_2016_Header_08_Feuer_0179' alt=''  itemprop=\"thumbnailUrl\" srcset=\"https:\/\/pevnw.com\/cms\/wp-content\/uploads\/2016\/02\/PEV_2016_Header_08_Feuer_0179.png 995w, https:\/\/pevnw.com\/cms\/wp-content\/uploads\/2016\/02\/PEV_2016_Header_08_Feuer_0179-300x84.png 300w, https:\/\/pevnw.com\/cms\/wp-content\/uploads\/2016\/02\/PEV_2016_Header_08_Feuer_0179-768x215.png 768w, https:\/\/pevnw.com\/cms\/wp-content\/uploads\/2016\/02\/PEV_2016_Header_08_Feuer_0179-705x197.png 705w, https:\/\/pevnw.com\/cms\/wp-content\/uploads\/2016\/02\/PEV_2016_Header_08_Feuer_0179-450x126.png 450w\" sizes=\"(max-width: 995px) 100vw, 995px\" \/><\/div><\/li><\/ul><\/div><\/div>\n<div id='av-layout-grid-1'  class='av-layout-grid-container av-vd6yu7-f7b22d238f3e6242b0971012793d2647 entry-content-wrapper main_color av-fixed-cells  avia-builder-el-1  el_after_av_slideshow_full  el_before_av_layout_row  grid-row-not-first  container_wrap sidebar_right'  >\n\n<style type=\"text\/css\" data-created_by=\"avia_inline_auto\" id=\"style-css-av-tkvicv-48292ca54f8c08380b34491c70f624df\">\n.flex_cell.av-tkvicv-48292ca54f8c08380b34491c70f624df{\nvertical-align:top;\nheight:2px;\nmin-height:2px;\nbackground-color:#eb600a;\n}\n.responsive #top #wrap_all .flex_cell.av-tkvicv-48292ca54f8c08380b34491c70f624df{\npadding:5px 0px 0px 0px !important;\n}\n<\/style>\n<div class='flex_cell av-tkvicv-48292ca54f8c08380b34491c70f624df av-gridrow-cell av_one_fourth no_margin av-hide-on-mobile  avia-builder-el-2  el_before_av_cell_one_fourth  avia-builder-el-first ' ><div class='flex_cell_inner'>\n<style type=\"text\/css\" data-created_by=\"avia_inline_auto\" id=\"style-css-av-r9ebmn-3e247aa6bf72a0f8f3b1f6e9073e94d9\">\n#top .av_textblock_section.av-r9ebmn-3e247aa6bf72a0f8f3b1f6e9073e94d9 .avia_textblock{\nfont-size:15px;\ncolor:#ffffff;\n}\n<\/style>\n<section  class='av_textblock_section av-r9ebmn-3e247aa6bf72a0f8f3b1f6e9073e94d9'  itemscope=\"itemscope\" itemtype=\"https:\/\/schema.org\/CreativeWork\" ><div class='avia_textblock av_inherit_color'  itemprop=\"text\" ><p style=\"text-align: right;\">Bildungsangebote f\u00fcr Familien<\/p>\n<\/div><\/section>\n<\/div><\/div>\n<style type=\"text\/css\" data-created_by=\"avia_inline_auto\" id=\"style-css-av-ppe2r3-80d4f3d32c69e9c543253b98758870c2\">\n.flex_cell.av-ppe2r3-80d4f3d32c69e9c543253b98758870c2{\nvertical-align:top;\nheight:2px;\nmin-height:2px;\nbackground-color:#eb600a;\n}\n.responsive #top #wrap_all .flex_cell.av-ppe2r3-80d4f3d32c69e9c543253b98758870c2{\npadding:0 0px 0px 0px !important;\n}\n<\/style>\n<div class='flex_cell av-ppe2r3-80d4f3d32c69e9c543253b98758870c2 av-gridrow-cell av_one_fourth no_margin  avia-builder-el-4  el_after_av_cell_one_fourth  el_before_av_cell_one_fourth ' ><div class='flex_cell_inner'><\/div><\/div>\n<style type=\"text\/css\" data-created_by=\"avia_inline_auto\" id=\"style-css-av-2dfy7z-b4c3bfc2a1051749cb66f845ad1b3731\">\n.flex_cell.av-2dfy7z-b4c3bfc2a1051749cb66f845ad1b3731{\nvertical-align:top;\nheight:2px;\nmin-height:2px;\nbackground-color:#eb600a;\n}\n.responsive #top #wrap_all .flex_cell.av-2dfy7z-b4c3bfc2a1051749cb66f845ad1b3731{\npadding:0px 0px 0px 0px !important;\n}\n<\/style>\n<div class='flex_cell av-2dfy7z-b4c3bfc2a1051749cb66f845ad1b3731 av-gridrow-cell av_one_fourth no_margin av-hide-on-mobile  avia-builder-el-5  el_after_av_cell_one_fourth  el_before_av_cell_one_fourth  av-zero-padding' ><div class='flex_cell_inner'>\n<style type=\"text\/css\" data-created_by=\"avia_inline_auto\" id=\"style-css-av-m5yvv3-b33b0102f6af74ae8d7176f3647f83e5\">\n#top .av_textblock_section.av-m5yvv3-b33b0102f6af74ae8d7176f3647f83e5 .avia_textblock{\nfont-size:15px;\ncolor:#ffffff;\n}\n<\/style>\n<section  class='av_textblock_section av-m5yvv3-b33b0102f6af74ae8d7176f3647f83e5'  itemscope=\"itemscope\" itemtype=\"https:\/\/schema.org\/CreativeWork\" ><div class='avia_textblock av_inherit_color'  itemprop=\"text\" ><p style=\"text-align: right;\">Telefon: 02323 493 17-60<\/p>\n<\/div><\/section>\n<\/div><\/div>\n<style type=\"text\/css\" data-created_by=\"avia_inline_auto\" id=\"style-css-av-kxlnv3-b5e4589c8e0a2dc2db78b28522f1aaed\">\n.flex_cell.av-kxlnv3-b5e4589c8e0a2dc2db78b28522f1aaed{\nvertical-align:top;\nheight:2px;\nmin-height:2px;\nbackground-color:#eb600a;\n}\n.responsive #top #wrap_all .flex_cell.av-kxlnv3-b5e4589c8e0a2dc2db78b28522f1aaed{\npadding:0px 0px 0px 0px !important;\n}\n<\/style>\n<div class='flex_cell av-kxlnv3-b5e4589c8e0a2dc2db78b28522f1aaed av-gridrow-cell av_one_fourth no_margin av-hide-on-mobile  avia-builder-el-7  el_after_av_cell_one_fourth  avia-builder-el-last  av-zero-padding' ><div class='flex_cell_inner'>\n<style type=\"text\/css\" data-created_by=\"avia_inline_auto\" id=\"style-css-av-ivowtr-714d0a8dbe54acff1b4adbaa1f7319f2\">\n#top .av_textblock_section.av-ivowtr-714d0a8dbe54acff1b4adbaa1f7319f2 .avia_textblock{\nfont-size:15px;\ncolor:#ffffff;\n}\n<\/style>\n<section  class='av_textblock_section av-ivowtr-714d0a8dbe54acff1b4adbaa1f7319f2'  itemscope=\"itemscope\" itemtype=\"https:\/\/schema.org\/CreativeWork\" ><div class='avia_textblock av_inherit_color'  itemprop=\"text\" ><p style=\"text-align: center;\">Mail: info@pevnrw.de<\/p>\n<\/div><\/section>\n<\/div><\/div>\n<\/div>\n<div id='av-layout-grid-2'  class='av-layout-grid-container av-hi4czz-af935e6d2b473f2ec8bf811cc94199da entry-content-wrapper main_color av-fixed-cells  avia-builder-el-9  el_after_av_layout_row  el_before_av_one_full  grid-row-not-first  container_wrap sidebar_right'  >\n\n<style type=\"text\/css\" data-created_by=\"avia_inline_auto\" id=\"style-css-av-fa6hlr-823864b80234e337d794febabe124136\">\n.flex_cell.av-fa6hlr-823864b80234e337d794febabe124136{\nvertical-align:top;\nheight:2px;\nmin-height:2px;\nbackground-color:#e3effc;\n}\n.responsive #top #wrap_all .flex_cell.av-fa6hlr-823864b80234e337d794febabe124136{\npadding:10px 0px 0px 0px !important;\n}\n<\/style>\n<div class='flex_cell av-fa6hlr-823864b80234e337d794febabe124136 av-gridrow-cell av_one_half no_margin  avia-builder-el-10  el_before_av_cell_one_half  avia-builder-el-first ' ><div class='flex_cell_inner'><\/div><\/div>\n<style type=\"text\/css\" data-created_by=\"avia_inline_auto\" id=\"style-css-av-1gx1fz-548392360ab2bfcaa25ceec7892cccf2\">\n.flex_cell.av-1gx1fz-548392360ab2bfcaa25ceec7892cccf2{\nvertical-align:top;\nheight:2px;\nmin-height:2px;\nbackground-color:#e3effc;\n}\n.responsive #top #wrap_all .flex_cell.av-1gx1fz-548392360ab2bfcaa25ceec7892cccf2{\npadding:9px 0px 0px 0px !important;\n}\n<\/style>\n<div class='flex_cell av-1gx1fz-548392360ab2bfcaa25ceec7892cccf2 av-gridrow-cell av_one_half no_margin  avia-builder-el-11  el_after_av_cell_one_half  avia-builder-el-last ' ><div class='flex_cell_inner'><\/div><\/div>\n<\/div><div id='after_grid_row_2'  class='main_color av_default_container_wrap container_wrap sidebar_right'  ><div class='container av-section-cont-open' ><div class='template-page content  av-content-small alpha units'><div class='post-entry post-entry-type-page post-entry-1551'><div class='entry-content-wrapper clearfix'>\n\n<style type=\"text\/css\" data-created_by=\"avia_inline_auto\" id=\"style-css-av-d17jbz-52ea3802a0210d330b895506af69aeef\">\n.flex_column.av-d17jbz-52ea3802a0210d330b895506af69aeef{\n-webkit-border-radius:0px 0px 0px 0px;\n-moz-border-radius:0px 0px 0px 0px;\nborder-radius:0px 0px 0px 0px;\npadding:0px 0px 0px 0px;\n}\n<\/style>\n<div class='flex_column av-d17jbz-52ea3802a0210d330b895506af69aeef av_one_full  avia-builder-el-12  el_after_av_layout_row  el_before_av_one_half  avia-builder-el-first  first flex_column_div av-zero-column-padding '     ><section  class='av_textblock_section av-aez1pb-930ecd91f0a8f649729bfe3c379eb533'  itemscope=\"itemscope\" itemtype=\"https:\/\/schema.org\/CreativeWork\" ><div class='avia_textblock'  itemprop=\"text\" ><h2>Familie in der Gesellschaft (1)<\/h2>\n<p>Familie und Gesellschaft sind untrennbar miteinander verbunden. Als grundlegender Baustein der Gesellschaft wird die Familie stark von gesellschaftlichen Ereignissen, globalen Krisen und Spannungsverh\u00e4ltnissen beeinflusst. Diese Themen werden innerhalb der Familie verhandelt und wirken auf das Familienleben ein.<\/p>\n<p>Wir bieten R\u00e4ume, um genau dar\u00fcber in Austausch zu treten und Gespr\u00e4che zu f\u00fchren. Hier werden individuelle Situationen und Sichtweisen als Mosaikteil in einen systemischen Kontext gestellt und dabei die Verbindungen zwischen gesellschaftlichen Ph\u00e4nomenen und dem eigenen Familienalltag deutlich gemacht.<br \/>\nDurch Dialog, kritisches Hinterfragen und das Ausprobieren neuer Wege werden partizipative Prozesse gef\u00f6rdert. Die Lernformate kombinieren Informationsphasen mit Diskussionen, praxisorientierten Anteilen und Selbstlernphasen. Dabei wird ein Erprobungsraum f\u00fcr demokratische Aushandlungsprozesse geschaffen.<\/p>\n<\/div><\/section><\/div>\n<style type=\"text\/css\" data-created_by=\"avia_inline_auto\" id=\"style-css-av-9ult3j-847ccc98e1acb7e278cff0077140ec4a\">\n.flex_column.av-9ult3j-847ccc98e1acb7e278cff0077140ec4a{\n-webkit-border-radius:0px 0px 0px 0px;\n-moz-border-radius:0px 0px 0px 0px;\nborder-radius:0px 0px 0px 0px;\npadding:0px 0px 0px 0px;\n}\n<\/style>\n<div class='flex_column av-9ult3j-847ccc98e1acb7e278cff0077140ec4a av_one_half  avia-builder-el-14  el_after_av_one_full  el_before_av_layout_row  avia-builder-el-last  first flex_column_div av-zero-column-padding column-top-margin'     ><div  class='avia-button-wrap av-7x4qin-22e2952d16c6133a9e86030044e0e1a9-wrap avia-button-left  avia-builder-el-15  avia-builder-el-no-sibling '><a href='https:\/\/pevnw.com\/cms\/bereichskonzepte-uebersicht\/'  class='avia-button av-7x4qin-22e2952d16c6133a9e86030044e0e1a9 avia-icon_select-yes-left-icon avia-size-large avia-position-left avia-color-theme-color'  ><span class='avia_button_icon avia_button_icon_left' aria-hidden='true' data-av_icon='\ue830' data-av_iconfont='entypo-fontello'><\/span><span class='avia_iconbox_title' >Zur\u00fcck zur \u00dcbersicht<\/span><\/a><\/div><\/div><\/p>\n<\/div><\/div><\/div><!-- close content main div --><\/div><\/div><div id='av-layout-grid-3'  class='av-layout-grid-container av-633rj3-f60db1113cdce3b541bf8754932a0e17 entry-content-wrapper main_color av-fixed-cells  avia-builder-el-16  el_after_av_one_half  avia-builder-el-last  grid-row-not-first  container_wrap sidebar_right'  >\n\n<style type=\"text\/css\" data-created_by=\"avia_inline_auto\" id=\"style-css-av-3qo2in-62e9706eb6029684165d48df3215d440\">\n.flex_cell.av-3qo2in-62e9706eb6029684165d48df3215d440{\nvertical-align:top;\nheight:2px;\nmin-height:2px;\nbackground-color:#e3effc;\n}\n.responsive #top #wrap_all .flex_cell.av-3qo2in-62e9706eb6029684165d48df3215d440{\npadding:10px 0px 0px 0px !important;\n}\n<\/style>\n<div class='flex_cell av-3qo2in-62e9706eb6029684165d48df3215d440 av-gridrow-cell av_one_half no_margin  avia-builder-el-17  el_before_av_cell_one_half  avia-builder-el-first ' ><div class='flex_cell_inner'><\/div><\/div>\n<style type=\"text\/css\" data-created_by=\"avia_inline_auto\" id=\"style-css-av-21mhv3-e20f2056a7c25054e48234e992c8ef00\">\n.flex_cell.av-21mhv3-e20f2056a7c25054e48234e992c8ef00{\nvertical-align:top;\nheight:2px;\nmin-height:2px;\nbackground-color:#e3effc;\n}\n.responsive #top #wrap_all .flex_cell.av-21mhv3-e20f2056a7c25054e48234e992c8ef00{\npadding:9px 0px 0px 0px !important;\n}\n<\/style>\n<div class='flex_cell av-21mhv3-e20f2056a7c25054e48234e992c8ef00 av-gridrow-cell av_one_half no_margin  avia-builder-el-18  el_after_av_cell_one_half  avia-builder-el-last ' ><div class='flex_cell_inner'><\/div><\/div>\n<\/div>\n","protected":false},"excerpt":{"rendered":"","protected":false},"author":1,"featured_media":0,"parent":0,"menu_order":0,"comment_status":"closed","ping_status":"closed","template":"","meta":{"footnotes":""},"_links":{"self":[{"href":"https:\/\/pevnw.com\/cms\/wp-json\/wp\/v2\/pages\/1551"}],"collection":[{"href":"https:\/\/pevnw.com\/cms\/wp-json\/wp\/v2\/pages"}],"about":[{"href":"https:\/\/pevnw.com\/cms\/wp-json\/wp\/v2\/types\/page"}],"author":[{"embeddable":true,"href":"https:\/\/pevnw.com\/cms\/wp-json\/wp\/v2\/users\/1"}],"replies":[{"embeddable":true,"href":"https:\/\/pevnw.com\/cms\/wp-json\/wp\/v2\/comments?post=1551"}],"version-history":[{"count":8,"href":"https:\/\/pevnw.com\/cms\/wp-json\/wp\/v2\/pages\/1551\/revisions"}],"predecessor-version":[{"id":8781,"href":"https:\/\/pevnw.com\/cms\/wp-json\/wp\/v2\/pages\/1551\/revisions\/8781"}],"wp:attachment":[{"href":"https:\/\/pevnw.com\/cms\/wp-json\/wp\/v2\/media?parent=1551"}],"curies":[{"name":"wp","href":"https:\/\/api.w.org\/{rel}","templated":true}]}}